{"id":963,"date":"2013-11-08T17:50:03","date_gmt":"2013-11-08T17:50:03","guid":{"rendered":"https:\/\/neuroforma.com.br\/novo\/?page_id=963"},"modified":"2019-11-27T22:18:18","modified_gmt":"2019-11-27T22:18:18","slug":"metodo-nao-invasivo","status":"publish","type":"page","link":"https:\/\/neuroforma.com.br\/novo\/metodo-nao-invasivo\/","title":{"rendered":"M\u00e9todo N\u00e3o Invasivo"},"content":{"rendered":"<h1>M\u00e9todo n\u00e3o-invasivo<\/h1>\n<p>Uma das caracter\u00edsticas mais atrativas dos nossos exerc\u00edcios para o c\u00e9rebro \u00e9 que eles s\u00e3o totalmente baseados nos fundamentos da plasticidade cerebral &#8211; livres de drogas, rem\u00e9dios ou medicamentos.<\/p>\n<p>&nbsp;<\/p>\n<p>Praticados regularmente, os exerc\u00edcios trabalham as\u00a0capacidades mentais atrav\u00e9s de atividades constantemente desafiadoras. Al\u00e9m disso, usam do recurso da gamefica\u00e7\u00e3o para torn\u00e1-los l\u00fadicos e motivadores para toda as idades.<\/p>\n<p>&nbsp;<\/p>\n<p>Desenvolvidos com algoritmos de adaptabilidade, os exerc\u00edcios s\u00e3o \u00fanicos ao oferecer uma experi\u00eancia de calibragem de treino de acordo com a performance do usu\u00e1rio. <\/p>\n<p>&nbsp;<\/p>\n<a href=\"http:\/\/br.brainhq.com\" class=\"su-button su-button-style-glass\" style=\"color:#FFFFFF;background-color:#144d8d;border-color:#103e71;border-radius:5px\" target=\"_blank\" rel=\"noopener noreferrer\"><span style=\"color:#FFFFFF;padding:0px 38px;font-size:27px;line-height:54px;border-color:#5b83b0;border-radius:5px;text-shadow:none\"> Experimentar agora<\/span><\/a>\n","protected":false},"excerpt":{"rendered":"<p>M\u00e9todo n\u00e3o-invasivo Uma das caracter\u00edsticas mais atrativas dos nossos exerc\u00edcios para o c\u00e9rebro \u00e9 que eles s\u00e3o totalmente baseados nos fundamentos da plasticidade cerebral &#8211; livres de drogas, rem\u00e9dios ou medicamentos. &nbsp; Praticados regularmente, os exerc\u00edcios trabalham as\u00a0capacidades mentais atrav\u00e9s de atividades constantemente desafiadoras. Al\u00e9m disso, usam do recurso da gamefica\u00e7\u00e3o para torn\u00e1-los l\u00fadicos e &hellip; <a href=\"https:\/\/neuroforma.com.br\/novo\/metodo-nao-invasivo\/\" class=\"more-link\">Continue lendo <span class=\"screen-reader-text\">M\u00e9todo N\u00e3o Invasivo<\/span> <span class=\"meta-nav\">&rarr;<\/span><\/a><\/p>\n","protected":false},"author":1,"featured_media":0,"parent":0,"menu_order":0,"comment_status":"closed","ping_status":"closed","template":"","meta":{"footnotes":""},"class_list":["post-963","page","type-page","status-publish","hentry","repupress_customize_woocommerce_productom_class"],"yoast_head":"<!-- This site is optimized with the Yoast SEO plugin v26.9 - https:\/\/yoast.com\/product\/yoast-seo-wordpress\/ -->\n<title>M\u00e9todo N\u00e3o Invasivo -<\/title>\n<meta name=\"robots\" content=\"index, follow, max-snippet:-1, max-image-preview:large, max-video-preview:-1\" \/>\n<link rel=\"canonical\" href=\"https:\/\/neuroforma.com.br\/novo\/metodo-nao-invasivo\/\" \/>\n<meta property=\"og:locale\" content=\"pt_BR\" \/>\n<meta property=\"og:type\" content=\"article\" \/>\n<meta property=\"og:title\" content=\"M\u00e9todo N\u00e3o Invasivo -\" \/>\n<meta property=\"og:description\" content=\"M\u00e9todo n\u00e3o-invasivo Uma das caracter\u00edsticas mais atrativas dos nossos exerc\u00edcios para o c\u00e9rebro \u00e9 que eles s\u00e3o totalmente baseados nos fundamentos da plasticidade cerebral &#8211; livres de drogas, rem\u00e9dios ou medicamentos. &nbsp; Praticados regularmente, os exerc\u00edcios trabalham as\u00a0capacidades mentais atrav\u00e9s de atividades constantemente desafiadoras. Al\u00e9m disso, usam do recurso da gamefica\u00e7\u00e3o para torn\u00e1-los l\u00fadicos e &hellip; Continue lendo M\u00e9todo N\u00e3o Invasivo &rarr;\" \/>\n<meta property=\"og:url\" content=\"https:\/\/neuroforma.com.br\/novo\/metodo-nao-invasivo\/\" \/>\n<meta property=\"article:modified_time\" content=\"2019-11-27T22:18:18+00:00\" \/>\n<meta name=\"twitter:label1\" content=\"Est. tempo de leitura\" \/>\n\t<meta name=\"twitter:data1\" content=\"1 minuto\" \/>\n<script type=\"application\/ld+json\" class=\"yoast-schema-graph\">{\"@context\":\"https:\/\/schema.org\",\"@graph\":[{\"@type\":\"WebPage\",\"@id\":\"https:\/\/neuroforma.com.br\/novo\/metodo-nao-invasivo\/\",\"url\":\"https:\/\/neuroforma.com.br\/novo\/metodo-nao-invasivo\/\",\"name\":\"M\u00e9todo N\u00e3o Invasivo -\",\"isPartOf\":{\"@id\":\"https:\/\/neuroforma.com.br\/novo\/#website\"},\"datePublished\":\"2013-11-08T17:50:03+00:00\",\"dateModified\":\"2019-11-27T22:18:18+00:00\",\"breadcrumb\":{\"@id\":\"https:\/\/neuroforma.com.br\/novo\/metodo-nao-invasivo\/#breadcrumb\"},\"inLanguage\":\"pt-BR\",\"potentialAction\":[{\"@type\":\"ReadAction\",\"target\":[\"https:\/\/neuroforma.com.br\/novo\/metodo-nao-invasivo\/\"]}]},{\"@type\":\"BreadcrumbList\",\"@id\":\"https:\/\/neuroforma.com.br\/novo\/metodo-nao-invasivo\/#breadcrumb\",\"itemListElement\":[{\"@type\":\"ListItem\",\"position\":1,\"name\":\"Home\",\"item\":\"https:\/\/neuroforma.com.br\/novo\/\"},{\"@type\":\"ListItem\",\"position\":2,\"name\":\"M\u00e9todo N\u00e3o Invasivo\"}]},{\"@type\":\"WebSite\",\"@id\":\"https:\/\/neuroforma.com.br\/novo\/#website\",\"url\":\"https:\/\/neuroforma.com.br\/novo\/\",\"name\":\"\",\"description\":\"\",\"potentialAction\":[{\"@type\":\"SearchAction\",\"target\":{\"@type\":\"EntryPoint\",\"urlTemplate\":\"https:\/\/neuroforma.com.br\/novo\/?s={search_term_string}\"},\"query-input\":{\"@type\":\"PropertyValueSpecification\",\"valueRequired\":true,\"valueName\":\"search_term_string\"}}],\"inLanguage\":\"pt-BR\"}]}<\/script>\n<!-- \/ Yoast SEO plugin. -->","yoast_head_json":{"title":"M\u00e9todo N\u00e3o Invasivo -","robots":{"index":"index","follow":"follow","max-snippet":"max-snippet:-1","max-image-preview":"max-image-preview:large","max-video-preview":"max-video-preview:-1"},"canonical":"https:\/\/neuroforma.com.br\/novo\/metodo-nao-invasivo\/","og_locale":"pt_BR","og_type":"article","og_title":"M\u00e9todo N\u00e3o Invasivo -","og_description":"M\u00e9todo n\u00e3o-invasivo Uma das caracter\u00edsticas mais atrativas dos nossos exerc\u00edcios para o c\u00e9rebro \u00e9 que eles s\u00e3o totalmente baseados nos fundamentos da plasticidade cerebral &#8211; livres de drogas, rem\u00e9dios ou medicamentos. &nbsp; Praticados regularmente, os exerc\u00edcios trabalham as\u00a0capacidades mentais atrav\u00e9s de atividades constantemente desafiadoras. Al\u00e9m disso, usam do recurso da gamefica\u00e7\u00e3o para torn\u00e1-los l\u00fadicos e &hellip; Continue lendo M\u00e9todo N\u00e3o Invasivo &rarr;","og_url":"https:\/\/neuroforma.com.br\/novo\/metodo-nao-invasivo\/","article_modified_time":"2019-11-27T22:18:18+00:00","twitter_misc":{"Est. tempo de leitura":"1 minuto"},"schema":{"@context":"https:\/\/schema.org","@graph":[{"@type":"WebPage","@id":"https:\/\/neuroforma.com.br\/novo\/metodo-nao-invasivo\/","url":"https:\/\/neuroforma.com.br\/novo\/metodo-nao-invasivo\/","name":"M\u00e9todo N\u00e3o Invasivo -","isPartOf":{"@id":"https:\/\/neuroforma.com.br\/novo\/#website"},"datePublished":"2013-11-08T17:50:03+00:00","dateModified":"2019-11-27T22:18:18+00:00","breadcrumb":{"@id":"https:\/\/neuroforma.com.br\/novo\/metodo-nao-invasivo\/#breadcrumb"},"inLanguage":"pt-BR","potentialAction":[{"@type":"ReadAction","target":["https:\/\/neuroforma.com.br\/novo\/metodo-nao-invasivo\/"]}]},{"@type":"BreadcrumbList","@id":"https:\/\/neuroforma.com.br\/novo\/metodo-nao-invasivo\/#breadcrumb","itemListElement":[{"@type":"ListItem","position":1,"name":"Home","item":"https:\/\/neuroforma.com.br\/novo\/"},{"@type":"ListItem","position":2,"name":"M\u00e9todo N\u00e3o Invasivo"}]},{"@type":"WebSite","@id":"https:\/\/neuroforma.com.br\/novo\/#website","url":"https:\/\/neuroforma.com.br\/novo\/","name":"","description":"","potentialAction":[{"@type":"SearchAction","target":{"@type":"EntryPoint","urlTemplate":"https:\/\/neuroforma.com.br\/novo\/?s={search_term_string}"},"query-input":{"@type":"PropertyValueSpecification","valueRequired":true,"valueName":"search_term_string"}}],"inLanguage":"pt-BR"}]}},"_links":{"self":[{"href":"https:\/\/neuroforma.com.br\/novo\/wp-json\/wp\/v2\/pages\/963","targetHints":{"allow":["GET"]}}],"collection":[{"href":"https:\/\/neuroforma.com.br\/novo\/wp-json\/wp\/v2\/pages"}],"about":[{"href":"https:\/\/neuroforma.com.br\/novo\/wp-json\/wp\/v2\/types\/page"}],"author":[{"embeddable":true,"href":"https:\/\/neuroforma.com.br\/novo\/wp-json\/wp\/v2\/users\/1"}],"replies":[{"embeddable":true,"href":"https:\/\/neuroforma.com.br\/novo\/wp-json\/wp\/v2\/comments?post=963"}],"version-history":[{"count":35,"href":"https:\/\/neuroforma.com.br\/novo\/wp-json\/wp\/v2\/pages\/963\/revisions"}],"predecessor-version":[{"id":5241,"href":"https:\/\/neuroforma.com.br\/novo\/wp-json\/wp\/v2\/pages\/963\/revisions\/5241"}],"wp:attachment":[{"href":"https:\/\/neuroforma.com.br\/novo\/wp-json\/wp\/v2\/media?parent=963"}],"curies":[{"name":"wp","href":"https:\/\/api.w.org\/{rel}","templated":true}]}}