{"id":4183,"date":"2017-07-04T19:02:33","date_gmt":"2017-07-04T19:02:33","guid":{"rendered":"https:\/\/neuroforma.com.br\/novo\/?page_id=4183"},"modified":"2024-08-02T19:19:03","modified_gmt":"2024-08-02T19:19:03","slug":"estudos-e-validacoes-cognicao-diaria","status":"publish","type":"page","link":"https:\/\/neuroforma.com.br\/novo\/estudos-e-validacoes-cognicao-diaria\/","title":{"rendered":"Estudos e Valida\u00e7\u00f5es &#8211; Cogni\u00e7\u00e3o Di\u00e1ria"},"content":{"rendered":"<h1><strong>Cogni\u00e7\u00e3o Di\u00e1ria<\/strong><\/h1>\n<p>Dezenas de estudos mediram como os benef\u00edcios da nossa plataforma de treino cognitivo digital se &#8220;generalizam&#8221; para as compet\u00eancias al\u00e9m do que est\u00e1 sendo diretamente treinado. Por exemplo, o Estudo de IMPACTO demonstrou que o treinamento do processamento auditivo com BrainHQ tamb\u00e9m melhorou a mem\u00f3ria de trabalho. Al\u00e9m do mais, esses estudos t\u00eam medido diretamente a capacidade das pessoas de realizar tarefas di\u00e1rias antes e ap\u00f3s o treinamento com exerc\u00edcios da plataforma.<\/p>\n<p>Dez estudos avaliaram o grau de efic\u00e1cia em que as pessoas poderiam executar atividades normais da vida di\u00e1ria\u00a0 e descobriu que o uso do BrainHQ melhorou a capacidade delas de realizar tais tarefas de forma eficiente e precisa.<\/p>\n<p>Diversos estudos indagaram sobre a capacidade de realiza\u00e7\u00e3o de atividades di\u00e1rias antes e ap\u00f3s o treinamento e descobriram que a maioria das pessoas se sentiu, de fato, mais capazes ap\u00f3s o treinamento.<\/p>\n<p>O <a href=\"http:\/\/www.brainhq.com\/world-class-science\/published-research\/impact-study\">Estudo de IMPACTO<\/a> , por exemplo, mostrou que 76% das pessoas notaram mudan\u00e7as positivas em suas atividades di\u00e1rias (coisas como fazer compras de forma eficiente e encontrar palavras mais facilmente).<\/p>\n<p>O <a href=\"http:\/\/www.brainhq.com\/world-class-science\/published-research\/active-study\">Estudo ATIVO &#8211;<\/a> que acompanhou centenas de pessoas por mais de uma d\u00e9cada &#8211; mostrou que mesmo 10 anos ap\u00f3s o treinamento, as pessoas que treinaram com BrainHQ (e tiveram algumas sess\u00f5es de refor\u00e7o) apresentaram menor decl\u00ednio na sua capacidade de realizar atividades di\u00e1rias.<\/p>\n<p>Muitos estudos j\u00e1 publicados tamb\u00e9m mostraram como o treinamento com BrainHQ melhora a seguran\u00e7a ao dirigir. S\u00e3o tantos os estudos que eles foram inclu\u00eddos em uma nova se\u00e7\u00e3o separada. Por favor <a href=\"http:\/\/www.brainhq.com\/world-class-science\/published-research\/driving\">clique aqui<\/a> para encontrar uma descri\u00e7\u00e3o e uma listagem desses estudos nessa nova lista (se estiver em ingl\u00eas pe\u00e7a para traduzir ao portugu\u00eas).<\/p>\n<h2><strong>Informa\u00e7\u00f5es e cita\u00e7\u00f5es de pesquisas relacionadas \u00e0 cogni\u00e7\u00e3o di\u00e1ria<\/strong><\/h2>\n<p>\u201cA cognitive training program based on principles of brain plasticity: Results from the Improvement in Memory with Plasticity-based Adaptive Cognitive Training (IMPACT) study\u201d<br \/>\nPublicado em: Journal of the American Geriatrics Society<br \/>\nAutor principal:\u00a0 Glenn E. Smith, PhD, Mayo Clinic<br \/>\n<a href=\"http:\/\/www.ncbi.nlm.nih.gov\/pmc\/articles\/PMC4169294\/\">Veja o artigo<\/a><\/p>\n<p>\u201cImprovement in memory with plasticity-based adaptive cognitive training: Results of the 3-month follow-up\u201d<br \/>\nPublicado em: Journal of the American Geriatrics Society<br \/>\nAutora principal: Elizabeth M. Zelinski, PhD, University of Southern California<br \/>\n<a href=\"http:\/\/www.ncbi.nlm.nih.gov\/pubmed\/21314646\">Veja o artigo<\/a><\/p>\n<p>\u201cNeurocognitive enhancement in older adults: Comparison of three cognitive training tasks to test a hypothesis of training transfer in brain connectivity\u201d<br \/>\nPublicado em: NeuroImage<br \/>\nAutora principal: Maren Strenziok, PhD, George Mason University<br \/>\n<a href=\"http:\/\/www.ncbi.nlm.nih.gov\/pubmed\/23933474\">Veja o artigo<\/a><\/p>\n<p>\u201cEffects of cognitive training interventions with older adults: A randomized controlled trial\u201d<br \/>\nPublicado em: Journal of the Association Medical Association<br \/>\nAutor principal: Karlene Ball, PhD, University of Alabama at Birmingham<br \/>\n<a href=\"http:\/\/www.ncbi.nlm.nih.gov\/pmc\/articles\/PMC2916176\">Veja o artigo<\/a><\/p>\n<p>\u201cLong-term effects of cognitive training on everyday functional outcomes in older adults\u201d<br \/>\nPublicado em: Journal of the Association Medical Association<br \/>\nAutor principal: Sherry L. Willis, PhD, University of Washington<br \/>\n<a href=\"http:\/\/www.ncbi.nlm.nih.gov\/pmc\/articles\/PMC2910591\">Veja o artigo<\/a><\/p>\n<p>\u201cTen-year effects of the ACTIVE cognitive training trial on cognition and everyday functioning in older adults\u201d<br \/>\nPublicado em: Journal of the American Geriatrics Society<br \/>\nAutor principal: George W. Rebok, PhD, Johns Hopkins University<br \/>\n<a href=\"http:\/\/www.ncbi.nlm.nih.gov\/pmc\/articles\/PMC4055506\">Veja o artigo<\/a><\/p>\n<p>\u201cTransfer of a speed of processing intervention to near and far cognitive functions\u201d<br \/>\nPublicado em: Gerontology<br \/>\nAutor principal: Jerri D. Edwards, PhD, University of South Florida<br \/>\n<a href=\"http:\/\/www.ncbi.nlm.nih.gov\/pubmed\/12169801\">Veja o resumo<\/a><\/p>\n<p>\u201cThe effect of cognitive speed of processing training on the development of additional IADL difficulties and the reduction of depressive symptoms: Results from the IHAMS randomized controlled trial\u201d<br \/>\nPublicado em: Journal of Aging and Health<br \/>\nAutor principal: Fredric D. Wolinsky, PhD, University of Iowa<br \/>\n<a href=\"http:\/\/www.ncbi.nlm.nih.gov\/pubmed\/25239928\">Veja o resumo<\/a><\/p>\n<p>\u201cThe impact of speed of processing training on cognitive and everyday performance\u201d<br \/>\nPublicado em: Aging &amp; Mental Health<br \/>\nAutor principal: Jerri D. Edwards, PhD, University of South Florida<br \/>\n<a href=\"http:\/\/www.ncbi.nlm.nih.gov\/pubmed\/16019280\">Veja o resumo<\/a><\/p>\n<p>\u201cSpeed of processing training with middle-age and older adults with HIV: A pilot study\u201d<br \/>\nPublicado em: Journal of the Association of Nurses in AIDS Care<br \/>\nAutor principal: David E. Vance, PhD, MGS, University of Alabama at Birmingham<br \/>\n<a href=\"http:\/\/www.ncbi.nlm.nih.gov\/pmc\/articles\/PMC3422374\">Veja o artigo<\/a><\/p>\n<p>\u201cPredictors of improvement following speed of processing training with middle-aged and older adults with HIV: A pilot study\u201d<br \/>\nPublicado em: Journal of the Association of Nurses in AIDS Care<br \/>\nAutor principal: Jaspreet Kaur, University of Alabama at Birmingham<br \/>\n<a href=\"http:\/\/www.ncbi.nlm.nih.gov\/pmc\/articles\/PMC4010940\">Veja o artigo<\/a><\/p>\n<p>\u201cComputerized auditory cognitive training to improve cognition and functional outcomes in patients with heart failure: Results of a pilot study\u201d<br \/>\nPublicado em: Heart &amp; Lung<br \/>\nAutor principal: Ponrathi Athilingam, PhD, ACNP, MCH, FAANP, University of South Florida<br \/>\n<a href=\"http:\/\/www.ncbi.nlm.nih.gov\/pubmed\/25592205\">Veja o resumo<\/a><\/p>\n","protected":false},"excerpt":{"rendered":"<p>Cogni\u00e7\u00e3o Di\u00e1ria Dezenas de estudos mediram como os benef\u00edcios da nossa plataforma de treino cognitivo digital se &#8220;generalizam&#8221; para as compet\u00eancias al\u00e9m do que est\u00e1 sendo diretamente treinado. Por exemplo, o Estudo de IMPACTO demonstrou que o treinamento do processamento auditivo com BrainHQ tamb\u00e9m melhorou a mem\u00f3ria de trabalho. Al\u00e9m do mais, esses estudos t\u00eam &hellip; <a href=\"https:\/\/neuroforma.com.br\/novo\/estudos-e-validacoes-cognicao-diaria\/\" class=\"more-link\">Continue lendo <span class=\"screen-reader-text\">Estudos e Valida\u00e7\u00f5es &#8211; Cogni\u00e7\u00e3o Di\u00e1ria<\/span> <span class=\"meta-nav\">&rarr;<\/span><\/a><\/p>\n","protected":false},"author":1,"featured_media":0,"parent":0,"menu_order":0,"comment_status":"closed","ping_status":"closed","template":"","meta":{"footnotes":""},"class_list":["post-4183","page","type-page","status-publish","hentry","repupress_customize_woocommerce_productom_class"],"yoast_head":"<!-- This site is optimized with the Yoast SEO plugin v26.9 - https:\/\/yoast.com\/product\/yoast-seo-wordpress\/ -->\n<title>Estudos e Valida\u00e7\u00f5es - Cogni\u00e7\u00e3o Di\u00e1ria -<\/title>\n<meta name=\"robots\" content=\"index, follow, max-snippet:-1, max-image-preview:large, max-video-preview:-1\" \/>\n<link rel=\"canonical\" href=\"https:\/\/neuroforma.com.br\/novo\/estudos-e-validacoes-cognicao-diaria\/\" \/>\n<meta property=\"og:locale\" content=\"pt_BR\" \/>\n<meta property=\"og:type\" content=\"article\" \/>\n<meta property=\"og:title\" content=\"Estudos e Valida\u00e7\u00f5es - Cogni\u00e7\u00e3o Di\u00e1ria -\" \/>\n<meta property=\"og:description\" content=\"Cogni\u00e7\u00e3o Di\u00e1ria Dezenas de estudos mediram como os benef\u00edcios da nossa plataforma de treino cognitivo digital se &#8220;generalizam&#8221; para as compet\u00eancias al\u00e9m do que est\u00e1 sendo diretamente treinado. Por exemplo, o Estudo de IMPACTO demonstrou que o treinamento do processamento auditivo com BrainHQ tamb\u00e9m melhorou a mem\u00f3ria de trabalho. Al\u00e9m do mais, esses estudos t\u00eam &hellip; Continue lendo Estudos e Valida\u00e7\u00f5es &#8211; Cogni\u00e7\u00e3o Di\u00e1ria &rarr;\" \/>\n<meta property=\"og:url\" content=\"https:\/\/neuroforma.com.br\/novo\/estudos-e-validacoes-cognicao-diaria\/\" \/>\n<meta property=\"article:modified_time\" content=\"2024-08-02T19:19:03+00:00\" \/>\n<meta name=\"twitter:label1\" content=\"Est. tempo de leitura\" \/>\n\t<meta name=\"twitter:data1\" content=\"4 minutos\" \/>\n<script type=\"application\/ld+json\" class=\"yoast-schema-graph\">{\"@context\":\"https:\/\/schema.org\",\"@graph\":[{\"@type\":\"WebPage\",\"@id\":\"https:\/\/neuroforma.com.br\/novo\/estudos-e-validacoes-cognicao-diaria\/\",\"url\":\"https:\/\/neuroforma.com.br\/novo\/estudos-e-validacoes-cognicao-diaria\/\",\"name\":\"Estudos e Valida\u00e7\u00f5es - Cogni\u00e7\u00e3o Di\u00e1ria -\",\"isPartOf\":{\"@id\":\"https:\/\/neuroforma.com.br\/novo\/#website\"},\"datePublished\":\"2017-07-04T19:02:33+00:00\",\"dateModified\":\"2024-08-02T19:19:03+00:00\",\"breadcrumb\":{\"@id\":\"https:\/\/neuroforma.com.br\/novo\/estudos-e-validacoes-cognicao-diaria\/#breadcrumb\"},\"inLanguage\":\"pt-BR\",\"potentialAction\":[{\"@type\":\"ReadAction\",\"target\":[\"https:\/\/neuroforma.com.br\/novo\/estudos-e-validacoes-cognicao-diaria\/\"]}]},{\"@type\":\"BreadcrumbList\",\"@id\":\"https:\/\/neuroforma.com.br\/novo\/estudos-e-validacoes-cognicao-diaria\/#breadcrumb\",\"itemListElement\":[{\"@type\":\"ListItem\",\"position\":1,\"name\":\"Home\",\"item\":\"https:\/\/neuroforma.com.br\/novo\/\"},{\"@type\":\"ListItem\",\"position\":2,\"name\":\"Estudos e Valida\u00e7\u00f5es &#8211; Cogni\u00e7\u00e3o Di\u00e1ria\"}]},{\"@type\":\"WebSite\",\"@id\":\"https:\/\/neuroforma.com.br\/novo\/#website\",\"url\":\"https:\/\/neuroforma.com.br\/novo\/\",\"name\":\"\",\"description\":\"\",\"potentialAction\":[{\"@type\":\"SearchAction\",\"target\":{\"@type\":\"EntryPoint\",\"urlTemplate\":\"https:\/\/neuroforma.com.br\/novo\/?s={search_term_string}\"},\"query-input\":{\"@type\":\"PropertyValueSpecification\",\"valueRequired\":true,\"valueName\":\"search_term_string\"}}],\"inLanguage\":\"pt-BR\"}]}<\/script>\n<!-- \/ Yoast SEO plugin. -->","yoast_head_json":{"title":"Estudos e Valida\u00e7\u00f5es - Cogni\u00e7\u00e3o Di\u00e1ria -","robots":{"index":"index","follow":"follow","max-snippet":"max-snippet:-1","max-image-preview":"max-image-preview:large","max-video-preview":"max-video-preview:-1"},"canonical":"https:\/\/neuroforma.com.br\/novo\/estudos-e-validacoes-cognicao-diaria\/","og_locale":"pt_BR","og_type":"article","og_title":"Estudos e Valida\u00e7\u00f5es - Cogni\u00e7\u00e3o Di\u00e1ria -","og_description":"Cogni\u00e7\u00e3o Di\u00e1ria Dezenas de estudos mediram como os benef\u00edcios da nossa plataforma de treino cognitivo digital se &#8220;generalizam&#8221; para as compet\u00eancias al\u00e9m do que est\u00e1 sendo diretamente treinado. Por exemplo, o Estudo de IMPACTO demonstrou que o treinamento do processamento auditivo com BrainHQ tamb\u00e9m melhorou a mem\u00f3ria de trabalho. Al\u00e9m do mais, esses estudos t\u00eam &hellip; Continue lendo Estudos e Valida\u00e7\u00f5es &#8211; Cogni\u00e7\u00e3o Di\u00e1ria &rarr;","og_url":"https:\/\/neuroforma.com.br\/novo\/estudos-e-validacoes-cognicao-diaria\/","article_modified_time":"2024-08-02T19:19:03+00:00","twitter_misc":{"Est. tempo de leitura":"4 minutos"},"schema":{"@context":"https:\/\/schema.org","@graph":[{"@type":"WebPage","@id":"https:\/\/neuroforma.com.br\/novo\/estudos-e-validacoes-cognicao-diaria\/","url":"https:\/\/neuroforma.com.br\/novo\/estudos-e-validacoes-cognicao-diaria\/","name":"Estudos e Valida\u00e7\u00f5es - Cogni\u00e7\u00e3o Di\u00e1ria -","isPartOf":{"@id":"https:\/\/neuroforma.com.br\/novo\/#website"},"datePublished":"2017-07-04T19:02:33+00:00","dateModified":"2024-08-02T19:19:03+00:00","breadcrumb":{"@id":"https:\/\/neuroforma.com.br\/novo\/estudos-e-validacoes-cognicao-diaria\/#breadcrumb"},"inLanguage":"pt-BR","potentialAction":[{"@type":"ReadAction","target":["https:\/\/neuroforma.com.br\/novo\/estudos-e-validacoes-cognicao-diaria\/"]}]},{"@type":"BreadcrumbList","@id":"https:\/\/neuroforma.com.br\/novo\/estudos-e-validacoes-cognicao-diaria\/#breadcrumb","itemListElement":[{"@type":"ListItem","position":1,"name":"Home","item":"https:\/\/neuroforma.com.br\/novo\/"},{"@type":"ListItem","position":2,"name":"Estudos e Valida\u00e7\u00f5es &#8211; Cogni\u00e7\u00e3o Di\u00e1ria"}]},{"@type":"WebSite","@id":"https:\/\/neuroforma.com.br\/novo\/#website","url":"https:\/\/neuroforma.com.br\/novo\/","name":"","description":"","potentialAction":[{"@type":"SearchAction","target":{"@type":"EntryPoint","urlTemplate":"https:\/\/neuroforma.com.br\/novo\/?s={search_term_string}"},"query-input":{"@type":"PropertyValueSpecification","valueRequired":true,"valueName":"search_term_string"}}],"inLanguage":"pt-BR"}]}},"_links":{"self":[{"href":"https:\/\/neuroforma.com.br\/novo\/wp-json\/wp\/v2\/pages\/4183","targetHints":{"allow":["GET"]}}],"collection":[{"href":"https:\/\/neuroforma.com.br\/novo\/wp-json\/wp\/v2\/pages"}],"about":[{"href":"https:\/\/neuroforma.com.br\/novo\/wp-json\/wp\/v2\/types\/page"}],"author":[{"embeddable":true,"href":"https:\/\/neuroforma.com.br\/novo\/wp-json\/wp\/v2\/users\/1"}],"replies":[{"embeddable":true,"href":"https:\/\/neuroforma.com.br\/novo\/wp-json\/wp\/v2\/comments?post=4183"}],"version-history":[{"count":4,"href":"https:\/\/neuroforma.com.br\/novo\/wp-json\/wp\/v2\/pages\/4183\/revisions"}],"predecessor-version":[{"id":6869,"href":"https:\/\/neuroforma.com.br\/novo\/wp-json\/wp\/v2\/pages\/4183\/revisions\/6869"}],"wp:attachment":[{"href":"https:\/\/neuroforma.com.br\/novo\/wp-json\/wp\/v2\/media?parent=4183"}],"curies":[{"name":"wp","href":"https:\/\/api.w.org\/{rel}","templated":true}]}}