{"id":1908,"date":"2014-10-10T18:04:53","date_gmt":"2014-10-10T18:04:53","guid":{"rendered":"https:\/\/neuroforma.com.br\/novo\/?page_id=1908"},"modified":"2024-01-04T16:15:49","modified_gmt":"2024-01-04T16:15:49","slug":"guia-de-treinamento-da-brainhq","status":"publish","type":"page","link":"https:\/\/neuroforma.com.br\/novo\/why-brainhq\/brain-training-your-way\/brainhq-training-help","title":{"rendered":"Guia de Treinamento BrainHQ"},"content":{"rendered":"<h1>Guia de treino<\/h1>\n<p><em> \u2022 Quanto tempo eu devo treinar na plataforma de treino cognitivo digital?<\/em><br \/>\n<em> \u2022 Como eu devo escolher o que fazer?<\/em><br \/>\n<em> \u2022 Quantas vezes eu devo repetir um n\u00edvel?<\/em><br \/>\n<em> \u2022 Eu tenho que completar todos os n\u00edveis em cada\u00a0est\u00e1gio\u00a0de exerc\u00edcio?<\/em><br \/>\n<em> \u2022 E se eu n\u00e3o gostar de um exerc\u00edcio?<\/em><br \/>\n<em> \u2022 E se eu ficar entediado(a) com um exerc\u00edcio?<\/em><br \/>\n<em> \u2022 Quanto tempo eu tenho que treinar para que eu possa ver os benef\u00edcios?<\/em><br \/>\n<em> \u2022 Como funciona a repeti\u00e7\u00e3o e a progress\u00e3o nos exerc\u00edcios?<\/em><\/p>\n<p>&nbsp;<\/p>\n<p><a href=\"https:\/\/neuroforma.com.br\/novo\/wp-content\/uploads\/2013\/02\/imgs-projetos1.jpg\"><img loading=\"lazy\" decoding=\"async\" class=\"aligncenter size-full wp-image-607\" src=\"https:\/\/neuroforma.com.br\/novo\/wp-content\/uploads\/2013\/02\/imgs-projetos1.jpg\" alt=\"imgs-projetos1\" width=\"939\" height=\"357\" srcset=\"https:\/\/neuroforma.com.br\/novo\/wp-content\/uploads\/2013\/02\/imgs-projetos1.jpg 939w, https:\/\/neuroforma.com.br\/novo\/wp-content\/uploads\/2013\/02\/imgs-projetos1-300x114.jpg 300w, https:\/\/neuroforma.com.br\/novo\/wp-content\/uploads\/2013\/02\/imgs-projetos1-500x190.jpg 500w\" sizes=\"auto, (max-width: 939px) 100vw, 939px\" \/><\/a><\/p>\n<h2>Quanto tempo eu devo treinar na plataforma de treino cognitivo digital?<\/h2>\n<p><strong>Recomenda\u00e7\u00e3o<\/strong><br \/>\nTente encaixar entre 45 e 90 minutos de treinamento cerebral efetivo por semana. Muitas pessoas nos dizem que treinar 3 vezes por semana por 15-30 minutos em cada bateria de treino cognitivo j\u00e1 funciona bem pra elas.<\/p>\n<p><strong>Por qu\u00ea?<\/strong><br \/>\nO exerc\u00edcio cerebral funciona como um exerc\u00edcio f\u00edsico: para promover\u00a0mudan\u00e7as reais e duradouras, \u00e9 necess\u00e1rio que se fa\u00e7a um esfor\u00e7o cont\u00ednuo.<\/p>\n<p>&nbsp;<\/p>\n<h2>Como eu devo escolher o que fazer?<\/h2>\n<p><strong>Recomenda\u00e7\u00e3o<\/strong><\/p>\n<p>Basicamente, existem 3 (tr\u00eas) maneiras de treinar com BrainHQ: o treinamento personalizado, os cursos e desafios e os exerc\u00edcios espec\u00edficos das 6 (seis) dom\u00ednios mentais dispon\u00edveis.<\/p>\n<p>&nbsp;<\/p>\n<p>\u2022 O <strong>treinamento personalizado<\/strong> dispon\u00edvel para assinantes monta um calend\u00e1rio customizado para voc\u00ea baseado nas suas prefer\u00eancias e na sua performance. \u00c9 uma \u00f3tima maneira de treinar se voc\u00ea deseja a opini\u00e3o de um especialista sobre o que \u00e9 melhor em determinado momento para estimular seu c\u00e9rebro.<\/p>\n<p>&nbsp;<\/p>\n<p>\u2022 Voc\u00ea pode escolher um <strong>curso ou desafio<\/strong> se houver uma habilidade espec\u00edfica que voc\u00ea deseja melhorar (tal como dirigir com mais seguran\u00e7a, melhorar habilidades sociais ou esportivas). Cada desafio \u00e9 uma cole\u00e7\u00e3o de exerc\u00edcios que nossos cientistas acreditam ser particularmente \u00fateis para cada problema.<\/p>\n<p>&nbsp;<\/p>\n<p>\u2022 Se voc\u00ea quiser\u00a0direcionar seu pr\u00f3prio treinamento, voc\u00ea pode escolher uma das 6 categorias (Mem\u00f3ria, Velocidade Cerebral, Aten\u00e7\u00e3o, Habilidades Pessoais, Intelig\u00eancia, ou Orienta\u00e7\u00e3o) e seus respectivos\u00a0<strong>exerc\u00edcios<\/strong>. Se voc\u00ea estiver procurando por uma melhoria cerebral generalizada, voc\u00ea deve treinar em todas as 6\u00a0categorias. N\u00f3s recomendamos que voc\u00ea comece a treinar na categoria Aten\u00e7\u00e3o, treinando\u00a0por pelo menos uma semana. Passe para a pr\u00f3xima categoria na semana seguinte. Fa\u00e7a ciclos\u00a0atrav\u00e9s de cada categoria e depois repita. Se houver uma \u00e1rea cognitiva espec\u00edfica que voc\u00ea deseje\u00a0melhorar, como por exemplo a Mem\u00f3ria, n\u00f3s recomendamos que voc\u00ea treine duas vezes mais essa categoria que as outras. Entretanto, as categorias s\u00e3o constru\u00eddas com base uma na outra, portanto, n\u00f3s o encorajamos a dedicar um tempo tamb\u00e9m fora da \u00e1rea espec\u00edfica que mais\u00a0lhe\u00a0interessa.<\/p>\n<p>&nbsp;<\/p>\n<p><strong>Por qu\u00ea?<\/strong><\/p>\n<p>N\u00f3s descobrimos que algumas pessoas est\u00e3o procurando por um treinamento cerebral generalizado, enquanto outros est\u00e3o buscando melhorar sua performance em habilidades\u00a0espec\u00edficas. De qualquer maneira, para que se obtenha mudan\u00e7as duradouras nas\u00a0conex\u00f5es neurais (neuroplasticidade positiva) \u00e9 necess\u00e1rio que se fa\u00e7a um treinamento constante.<\/p>\n<p>&nbsp;<\/p>\n<h2>Quantas vezes eu devo repetir um n\u00edvel?<\/h2>\n<p><strong>Recomenda\u00e7\u00e3o<\/strong><\/p>\n<p>Voc\u00ea tem que obter um resultado melhor que seus resultados m\u00e9dios anteriores para que voc\u00ea possa desbloquear o n\u00edvel seguinte. Isso significa que voc\u00ea tem que repetir cada n\u00edvel pelo menos uma vez. No entanto, muitas pessoas perguntam se devem repetir os n\u00edveis mais de uma vez para aumentar o seu desempenho (mostrado em seu n\u00famero de estrelas conquistadas). E n\u00f3s respondemos que essa \u00e9 uma \u00f3tima ideia. A recomenda\u00e7\u00e3o \u00e9\u00a0que voc\u00ea se desafie sempre para alcan\u00e7ar o maior n\u00famero de estrelas poss\u00edvel! Al\u00e9m disso, \u00e9 poss\u00edvel se beneficiar com o treinamento em muitos n\u00edveis diferentes.<\/p>\n<p>&nbsp;<\/p>\n<p><strong>Por qu\u00ea?<\/strong><\/p>\n<p>O benef\u00edcio de treinar muitas vezes no mesmo n\u00edvel \u00e9 que o c\u00e9rebro muda mais e melhor na medida em que ele \u00e9 desafiado. Chegar a um ponto em que o exerc\u00edcio \u00e9 dif\u00edcil para voc\u00ea &#8211; onde o seu c\u00e9rebro \u00e9 desafiado &#8211; ajuda seu o c\u00e9rebro a fazer melhorias neuronais duradouras. O benef\u00edcio do treinamento em v\u00e1rios n\u00edveis \u00e9 que cada n\u00edvel de exerc\u00edcio \u00e9 um pouco diferente dos outros n\u00edveis. Cada um trabalha um conjunto ligeiramente diferente de neur\u00f4nios. Para que voc\u00ea possa exercitar a maior quantidade de neur\u00f4nios poss\u00edvel, voc\u00ea deve treinar em muitas (mas n\u00e3o as mesmas) formas semelhantes.<\/p>\n<p>&nbsp;<\/p>\n<h2>Eu tenho que completar todos os n\u00edveis num bloco de exerc\u00edcios?<\/h2>\n<p><strong>Recomenda\u00e7\u00e3o<\/strong><\/p>\n<p>Em geral, recomendamos fazer o seu melhor para completar cada bloco de exerc\u00edcios (o que chamamos de &#8220;fase&#8221;) que voc\u00ea come\u00e7ar. Quando voc\u00ea completar todos os n\u00edveis numa fase, voc\u00ea desbloqueia a pr\u00f3xima. No entanto, se voc\u00ea est\u00e1 tendo problemas, ent\u00e3o voc\u00ea deve se concentrar em outros exerc\u00edcios por um tempo. Voc\u00ea pode sempre voltar para alguma fase posteriormente.<\/p>\n<p>&nbsp;<\/p>\n<p><strong>Por qu\u00ea?<\/strong><\/p>\n<p>Cada n\u00edvel de cada exerc\u00edcio \u00e9 um pouco diferente dos outros n\u00edveis. Cada um trabalha um conjunto ligeiramente diferente de neur\u00f4nios. Para que voc\u00ea possa exercitar a maior quantidade de neur\u00f4nios poss\u00edvel, voc\u00ea deve treinar em muitas (mas n\u00e3o as mesmas) formas semelhantes.<\/p>\n<p>&nbsp;<\/p>\n<h2>E se eu n\u00e3o gostar de um exerc\u00edcio?<\/h2>\n<p><strong>Recomenda\u00e7\u00e3o<\/strong><\/p>\n<p>\u00c9 uma boa ideia completar o m\u00e1ximo de exerc\u00edcios da BrainHQ que voc\u00ea puder. Contudo, se voc\u00ea realmente n\u00e3o gosta de um exerc\u00edcio, passe para o pr\u00f3ximo!<\/p>\n<p><strong>Por qu\u00ea?<\/strong><\/p>\n<p>Todos os nossos exerc\u00edcios t\u00eam como alvo \u00e1reas importantes de processamento cognitivo. No entanto, temos projetado, com certa redund\u00e2ncia, os exerc\u00edcios dentro de uma categoria espec\u00edfica. Ent\u00e3o, voc\u00ea vai obter a maioria dos benef\u00edcios ao treinar nos outros exerc\u00edcios que gostar nessa categoria. Al\u00e9m disso, se voc\u00ea continuar a usar um exerc\u00edcio que voc\u00ea n\u00e3o gosta, voc\u00ea pode querer desistir do seu treino cerebral. Continuar a exercitar o seu c\u00e9rebro \u00e9 muito mais importante do que completar qualquer exerc\u00edcio individual!<\/p>\n<p>&nbsp;<\/p>\n<h2>E se eu ficar entediado(a) com um exerc\u00edcio?<\/h2>\n<p>&nbsp;<\/p>\n<p><strong>Recomenda\u00e7\u00e3o<\/strong><\/p>\n<p>Se voc\u00ea est\u00e1 ficando entediado com um exerc\u00edcio, fa\u00e7a uma pausa daquele exerc\u00edcio por um tempo e volte a faz\u00ea-lo numa data futura.<\/p>\n<p><strong>Por qu\u00ea?<\/strong><\/p>\n<p>\u00c9 importante que voc\u00ea esteja motivado e alerta ao fazer os exerc\u00edcios para maximizar o efeito do treinamento. Estar alerta e interessado faz com que o c\u00e9rebro libere mais neuromoduladores (subst\u00e2ncias qu\u00edmicas do c\u00e9rebro importantes para o aprendizado e mem\u00f3ria). O t\u00e9dio faz com que essa libera\u00e7\u00e3o neuromodulat\u00f3ria fique mais lenta.<\/p>\n<p>&nbsp;<\/p>\n<h2>Quanto tempo eu tenho que treinar para que eu possa ver os benef\u00edcios?<\/h2>\n<p><strong>Recomenda\u00e7\u00e3o<\/strong><\/p>\n<p>As pessoas relatam\u00a0benef\u00edcios em diferentes momentos: alguns j\u00e1 os notam\u00a0com menos de duas horas de treinamento, enquanto outros levam\u00a0mais tempo. Recomendamos que voc\u00ea se d\u00ea pelo menos cinco horas de treinamento para observar melhorias vis\u00edveis em seu desempenho cognitivo. Os benef\u00edcios aumentam na propor\u00e7\u00e3o do seu\u00a0treino.<\/p>\n<p>&nbsp;<\/p>\n<p><strong>Por qu\u00ea?<\/strong><\/p>\n<p>Tal como acontece com os exerc\u00edcios f\u00edsicos, os exerc\u00edcios de treino cognitivo\u00a0requerem um esfor\u00e7o cont\u00ednuo para que voc\u00ea possa observar uma mudan\u00e7a not\u00f3ria. \u00c9 por isso que \u00e9 importante dedicar-se regularmente.<\/p>\n<p>&nbsp;<\/p>\n<h2>Como funciona a repeti\u00e7\u00e3o e a progress\u00e3o nos exerc\u00edcios?<\/h2>\n<p>Todos os exerc\u00edcios da nossa plataforma de treino cognitivo digital contam um algoritmo de adaptabilidade ao seu n\u00edvel de desempenho e progresso nas habilidades. Se voc\u00ea continuar a repetir os n\u00edveis, voc\u00ea vai continuar trabalhando para expandir sua capacidade cognitiva naquelas \u00e1reas.<\/p>\n","protected":false},"excerpt":{"rendered":"<p>Guia de treino \u2022 Quanto tempo eu devo treinar na plataforma de treino cognitivo digital? \u2022 Como eu devo escolher o que fazer? \u2022 Quantas vezes eu devo repetir um n\u00edvel? \u2022 Eu tenho que completar todos os n\u00edveis em cada\u00a0est\u00e1gio\u00a0de exerc\u00edcio? \u2022 E se eu n\u00e3o gostar de um exerc\u00edcio? \u2022 E se eu &hellip; <a href=\"https:\/\/neuroforma.com.br\/novo\/why-brainhq\/brain-training-your-way\/brainhq-training-help\" class=\"more-link\">Continue lendo <span class=\"screen-reader-text\">Guia de Treinamento BrainHQ<\/span> <span class=\"meta-nav\">&rarr;<\/span><\/a><\/p>\n","protected":false},"author":1,"featured_media":0,"parent":0,"menu_order":0,"comment_status":"closed","ping_status":"closed","template":"","meta":{"footnotes":""},"class_list":["post-1908","page","type-page","status-publish","hentry","repupress_customize_woocommerce_productom_class"],"yoast_head":"<!-- This site is optimized with the Yoast SEO plugin v26.9 - https:\/\/yoast.com\/product\/yoast-seo-wordpress\/ -->\n<title>Guia de Treinamento BrainHQ -<\/title>\n<meta name=\"robots\" content=\"index, follow, max-snippet:-1, max-image-preview:large, max-video-preview:-1\" \/>\n<link rel=\"canonical\" href=\"https:\/\/neuroforma.com.br\/novo\/why-brainhq\/brain-training-your-way\/brainhq-training-help\/\" \/>\n<meta property=\"og:locale\" content=\"pt_BR\" \/>\n<meta property=\"og:type\" content=\"article\" \/>\n<meta property=\"og:title\" content=\"Guia de Treinamento BrainHQ -\" \/>\n<meta property=\"og:description\" content=\"Guia de treino \u2022 Quanto tempo eu devo treinar na plataforma de treino cognitivo digital? \u2022 Como eu devo escolher o que fazer? \u2022 Quantas vezes eu devo repetir um n\u00edvel? \u2022 Eu tenho que completar todos os n\u00edveis em cada\u00a0est\u00e1gio\u00a0de exerc\u00edcio? \u2022 E se eu n\u00e3o gostar de um exerc\u00edcio? \u2022 E se eu &hellip; Continue lendo Guia de Treinamento BrainHQ &rarr;\" \/>\n<meta property=\"og:url\" content=\"https:\/\/neuroforma.com.br\/novo\/why-brainhq\/brain-training-your-way\/brainhq-training-help\/\" \/>\n<meta property=\"article:modified_time\" content=\"2024-01-04T16:15:49+00:00\" \/>\n<meta property=\"og:image\" content=\"https:\/\/neuroforma.com.br\/novo\/wp-content\/uploads\/2013\/02\/imgs-projetos1.jpg\" \/>\n<meta name=\"twitter:label1\" content=\"Est. tempo de leitura\" \/>\n\t<meta name=\"twitter:data1\" content=\"6 minutos\" \/>\n<script type=\"application\/ld+json\" class=\"yoast-schema-graph\">{\"@context\":\"https:\/\/schema.org\",\"@graph\":[{\"@type\":\"WebPage\",\"@id\":\"https:\/\/neuroforma.com.br\/novo\/why-brainhq\/brain-training-your-way\/brainhq-training-help\/\",\"url\":\"https:\/\/neuroforma.com.br\/novo\/why-brainhq\/brain-training-your-way\/brainhq-training-help\/\",\"name\":\"Guia de Treinamento BrainHQ -\",\"isPartOf\":{\"@id\":\"https:\/\/neuroforma.com.br\/novo\/#website\"},\"primaryImageOfPage\":{\"@id\":\"https:\/\/neuroforma.com.br\/novo\/why-brainhq\/brain-training-your-way\/brainhq-training-help\/#primaryimage\"},\"image\":{\"@id\":\"https:\/\/neuroforma.com.br\/novo\/why-brainhq\/brain-training-your-way\/brainhq-training-help\/#primaryimage\"},\"thumbnailUrl\":\"https:\/\/neuroforma.com.br\/novo\/wp-content\/uploads\/2013\/02\/imgs-projetos1.jpg\",\"datePublished\":\"2014-10-10T18:04:53+00:00\",\"dateModified\":\"2024-01-04T16:15:49+00:00\",\"breadcrumb\":{\"@id\":\"https:\/\/neuroforma.com.br\/novo\/why-brainhq\/brain-training-your-way\/brainhq-training-help\/#breadcrumb\"},\"inLanguage\":\"pt-BR\",\"potentialAction\":[{\"@type\":\"ReadAction\",\"target\":[\"https:\/\/neuroforma.com.br\/novo\/why-brainhq\/brain-training-your-way\/brainhq-training-help\/\"]}]},{\"@type\":\"ImageObject\",\"inLanguage\":\"pt-BR\",\"@id\":\"https:\/\/neuroforma.com.br\/novo\/why-brainhq\/brain-training-your-way\/brainhq-training-help\/#primaryimage\",\"url\":\"https:\/\/neuroforma.com.br\/novo\/wp-content\/uploads\/2013\/02\/imgs-projetos1.jpg\",\"contentUrl\":\"https:\/\/neuroforma.com.br\/novo\/wp-content\/uploads\/2013\/02\/imgs-projetos1.jpg\",\"width\":939,\"height\":357},{\"@type\":\"BreadcrumbList\",\"@id\":\"https:\/\/neuroforma.com.br\/novo\/why-brainhq\/brain-training-your-way\/brainhq-training-help\/#breadcrumb\",\"itemListElement\":[{\"@type\":\"ListItem\",\"position\":1,\"name\":\"Home\",\"item\":\"https:\/\/neuroforma.com.br\/novo\/\"},{\"@type\":\"ListItem\",\"position\":2,\"name\":\"Guia de Treinamento BrainHQ\"}]},{\"@type\":\"WebSite\",\"@id\":\"https:\/\/neuroforma.com.br\/novo\/#website\",\"url\":\"https:\/\/neuroforma.com.br\/novo\/\",\"name\":\"\",\"description\":\"\",\"potentialAction\":[{\"@type\":\"SearchAction\",\"target\":{\"@type\":\"EntryPoint\",\"urlTemplate\":\"https:\/\/neuroforma.com.br\/novo\/?s={search_term_string}\"},\"query-input\":{\"@type\":\"PropertyValueSpecification\",\"valueRequired\":true,\"valueName\":\"search_term_string\"}}],\"inLanguage\":\"pt-BR\"}]}<\/script>\n<!-- \/ Yoast SEO plugin. -->","yoast_head_json":{"title":"Guia de Treinamento BrainHQ -","robots":{"index":"index","follow":"follow","max-snippet":"max-snippet:-1","max-image-preview":"max-image-preview:large","max-video-preview":"max-video-preview:-1"},"canonical":"https:\/\/neuroforma.com.br\/novo\/why-brainhq\/brain-training-your-way\/brainhq-training-help\/","og_locale":"pt_BR","og_type":"article","og_title":"Guia de Treinamento BrainHQ -","og_description":"Guia de treino \u2022 Quanto tempo eu devo treinar na plataforma de treino cognitivo digital? \u2022 Como eu devo escolher o que fazer? \u2022 Quantas vezes eu devo repetir um n\u00edvel? \u2022 Eu tenho que completar todos os n\u00edveis em cada\u00a0est\u00e1gio\u00a0de exerc\u00edcio? \u2022 E se eu n\u00e3o gostar de um exerc\u00edcio? \u2022 E se eu &hellip; Continue lendo Guia de Treinamento BrainHQ &rarr;","og_url":"https:\/\/neuroforma.com.br\/novo\/why-brainhq\/brain-training-your-way\/brainhq-training-help\/","article_modified_time":"2024-01-04T16:15:49+00:00","og_image":[{"url":"https:\/\/neuroforma.com.br\/novo\/wp-content\/uploads\/2013\/02\/imgs-projetos1.jpg","type":"","width":"","height":""}],"twitter_misc":{"Est. tempo de leitura":"6 minutos"},"schema":{"@context":"https:\/\/schema.org","@graph":[{"@type":"WebPage","@id":"https:\/\/neuroforma.com.br\/novo\/why-brainhq\/brain-training-your-way\/brainhq-training-help\/","url":"https:\/\/neuroforma.com.br\/novo\/why-brainhq\/brain-training-your-way\/brainhq-training-help\/","name":"Guia de Treinamento BrainHQ -","isPartOf":{"@id":"https:\/\/neuroforma.com.br\/novo\/#website"},"primaryImageOfPage":{"@id":"https:\/\/neuroforma.com.br\/novo\/why-brainhq\/brain-training-your-way\/brainhq-training-help\/#primaryimage"},"image":{"@id":"https:\/\/neuroforma.com.br\/novo\/why-brainhq\/brain-training-your-way\/brainhq-training-help\/#primaryimage"},"thumbnailUrl":"https:\/\/neuroforma.com.br\/novo\/wp-content\/uploads\/2013\/02\/imgs-projetos1.jpg","datePublished":"2014-10-10T18:04:53+00:00","dateModified":"2024-01-04T16:15:49+00:00","breadcrumb":{"@id":"https:\/\/neuroforma.com.br\/novo\/why-brainhq\/brain-training-your-way\/brainhq-training-help\/#breadcrumb"},"inLanguage":"pt-BR","potentialAction":[{"@type":"ReadAction","target":["https:\/\/neuroforma.com.br\/novo\/why-brainhq\/brain-training-your-way\/brainhq-training-help\/"]}]},{"@type":"ImageObject","inLanguage":"pt-BR","@id":"https:\/\/neuroforma.com.br\/novo\/why-brainhq\/brain-training-your-way\/brainhq-training-help\/#primaryimage","url":"https:\/\/neuroforma.com.br\/novo\/wp-content\/uploads\/2013\/02\/imgs-projetos1.jpg","contentUrl":"https:\/\/neuroforma.com.br\/novo\/wp-content\/uploads\/2013\/02\/imgs-projetos1.jpg","width":939,"height":357},{"@type":"BreadcrumbList","@id":"https:\/\/neuroforma.com.br\/novo\/why-brainhq\/brain-training-your-way\/brainhq-training-help\/#breadcrumb","itemListElement":[{"@type":"ListItem","position":1,"name":"Home","item":"https:\/\/neuroforma.com.br\/novo\/"},{"@type":"ListItem","position":2,"name":"Guia de Treinamento BrainHQ"}]},{"@type":"WebSite","@id":"https:\/\/neuroforma.com.br\/novo\/#website","url":"https:\/\/neuroforma.com.br\/novo\/","name":"","description":"","potentialAction":[{"@type":"SearchAction","target":{"@type":"EntryPoint","urlTemplate":"https:\/\/neuroforma.com.br\/novo\/?s={search_term_string}"},"query-input":{"@type":"PropertyValueSpecification","valueRequired":true,"valueName":"search_term_string"}}],"inLanguage":"pt-BR"}]}},"_links":{"self":[{"href":"https:\/\/neuroforma.com.br\/novo\/wp-json\/wp\/v2\/pages\/1908","targetHints":{"allow":["GET"]}}],"collection":[{"href":"https:\/\/neuroforma.com.br\/novo\/wp-json\/wp\/v2\/pages"}],"about":[{"href":"https:\/\/neuroforma.com.br\/novo\/wp-json\/wp\/v2\/types\/page"}],"author":[{"embeddable":true,"href":"https:\/\/neuroforma.com.br\/novo\/wp-json\/wp\/v2\/users\/1"}],"replies":[{"embeddable":true,"href":"https:\/\/neuroforma.com.br\/novo\/wp-json\/wp\/v2\/comments?post=1908"}],"version-history":[{"count":32,"href":"https:\/\/neuroforma.com.br\/novo\/wp-json\/wp\/v2\/pages\/1908\/revisions"}],"predecessor-version":[{"id":6605,"href":"https:\/\/neuroforma.com.br\/novo\/wp-json\/wp\/v2\/pages\/1908\/revisions\/6605"}],"wp:attachment":[{"href":"https:\/\/neuroforma.com.br\/novo\/wp-json\/wp\/v2\/media?parent=1908"}],"curies":[{"name":"wp","href":"https:\/\/api.w.org\/{rel}","templated":true}]}}