{"id":1797,"date":"2014-09-04T17:34:45","date_gmt":"2014-09-04T17:34:45","guid":{"rendered":"https:\/\/neuroforma.com.br\/novo\/?page_id=1797"},"modified":"2016-02-24T14:30:53","modified_gmt":"2016-02-24T14:30:53","slug":"como-funciona","status":"publish","type":"page","link":"https:\/\/neuroforma.com.br\/novo\/como-funciona\/","title":{"rendered":"Como funciona"},"content":{"rendered":"<h1>Por que\u00a0nossos exerc\u00edcios funcionam?<\/h1>\n<p>Os resultados cient\u00edficos comprovam a efic\u00e1cia dos exerc\u00edcios da plataforma on-line BrainHQ\u00ae. Hoje, em curso, h\u00e1 mais de 100 patentes emitidas com mais de 1.000 pedidos de patentes da tecnologia subjacente nestes exerc\u00edcios. Mais de 100 neurocientistas contribu\u00edram com o\u00a0desenvolvimento desse programa on-line para\u00a0fazer com que cada parte\u00a0de cada exerc\u00edcio seja mais eficaz e poderosa poss\u00edvel.<\/p>\n<p>&nbsp;<\/p>\n<p>Isso explica como eles funcionam de uma forma abrangente. Ao contr\u00e1rio da maioria dos outros treinamentos cognitivos, os exerc\u00edcios n\u00e3o tentam resolver um problema somente por pratic\u00e1-lo. Eles n\u00e3o melhoram a mem\u00f3ria praticando somente exerc\u00edcios de memoriza\u00e7\u00e3o, por exemplo.<\/p>\n<p>&nbsp;<\/p>\n<p><a href=\"https:\/\/neuroforma.com.br\/novo\/wp-content\/uploads\/2014\/09\/N\u00ba-1-em-treino-maior.png\"><img loading=\"lazy\" decoding=\"async\" class=\"aligncenter size-full wp-image-2833\" src=\"https:\/\/neuroforma.com.br\/novo\/wp-content\/uploads\/2014\/09\/N\u00ba-1-em-treino-maior.png\" alt=\"N\u00ba 1 em treino (maior)\" width=\"889\" height=\"485\" srcset=\"https:\/\/neuroforma.com.br\/novo\/wp-content\/uploads\/2014\/09\/N\u00ba-1-em-treino-maior.png 889w, https:\/\/neuroforma.com.br\/novo\/wp-content\/uploads\/2014\/09\/N\u00ba-1-em-treino-maior-300x164.png 300w, https:\/\/neuroforma.com.br\/novo\/wp-content\/uploads\/2014\/09\/N\u00ba-1-em-treino-maior-560x305.png 560w, https:\/\/neuroforma.com.br\/novo\/wp-content\/uploads\/2014\/09\/N\u00ba-1-em-treino-maior-500x273.png 500w\" sizes=\"auto, (max-width: 889px) 100vw, 889px\" \/><\/a><\/p>\n<p>&nbsp;<\/p>\n<p>Os exerc\u00edcios come\u00e7am com a fun\u00e7\u00e3o cognitiva elementar, melhorando primeiro a velocidade e a precis\u00e3o das percep\u00e7\u00f5es sensoriais. Isto torna-se a base para a melhoria da aten\u00e7\u00e3o. Melhoria da aten\u00e7\u00e3o \u00e9 o alicerce da\u00a0constru\u00e7\u00e3o da mem\u00f3ria de trabalho e mem\u00f3ria de trabalho \u00e9 a base\u00a0de praticamente todas as outras: mem\u00f3ria imediata, mem\u00f3ria de atraso, a mem\u00f3ria epis\u00f3dica, fun\u00e7\u00e3o executiva, racioc\u00ednio, fala e linguagem, habilidades visuais-espaciais.<strong> N\u00e3o existe nenhum outro programa de treinamento cognitivo que promova tal\u00a0abordagem \u00a0&#8211; de baixo para cima &#8211; t\u00e3o completa como o programa on-line BrainHQ\u00ae.<\/strong><\/p>\n<p><!-- [if !supportLineBreakNewLine]--><br \/>\n<!--[endif]--><\/p>\n<p>O treinamento precisa ser focado em melhorar a velocidade para satisfazer as condi\u00e7\u00f5es vari\u00e1veis do mundo real; ele precisa intensa e progressivamente melhorar a precis\u00e3o; ele precisa estar em constante e minuciosa adapta\u00e7\u00e3o (por mil\u00e9simos de segundo, muitas vezes) de acordo com o\u00a0desempenho de cada pessoa. Para tanto desenvolvemos uma tecnologia, j\u00e1 bastante testada,\u00a0<strong>baseada em algoritmos que s\u00e3o capazes de rever todos os resultados de exerc\u00edcios atuais e anteriores e adaptar o grau de desafio para que a pessoa trabalhe sempre no seu &#8220;limite&#8221;<\/strong>.<\/p>\n<p>O\u00a0treino\u00a0precisa principalmente ser projetado de modo que a tarefa seja generalizada (transferida) gradualmente para a <strong>experi\u00eancia no mundo real;<\/strong> ele precisa ser envolvente de uma maneira que naturalmente estimule os neurotransmissores (subst\u00e2ncias qu\u00edmicas no c\u00e9rebro que melhoram a aten\u00e7\u00e3o, aprendizagem e humor) e que fa\u00e7am com que voc\u00ea volte a praticar\u00a0os exerc\u00edcios novamente.<\/p>\n<p>&nbsp;<\/p>\n<p style=\"text-align: center;\">[button url=https:\/\/br.brainhq.com\/#train\/attention\/1\/0\/0 size=large style=none] PRATICAR\u00a0AGORA\u00a0[\/button]\n","protected":false},"excerpt":{"rendered":"<p>Por que\u00a0nossos exerc\u00edcios funcionam? Os resultados cient\u00edficos comprovam a efic\u00e1cia dos exerc\u00edcios da plataforma on-line BrainHQ\u00ae. Hoje, em curso, h\u00e1 mais de 100 patentes emitidas com mais de 1.000 pedidos de patentes da tecnologia subjacente nestes exerc\u00edcios. Mais de 100 neurocientistas contribu\u00edram com o\u00a0desenvolvimento desse programa on-line para\u00a0fazer com que cada parte\u00a0de cada exerc\u00edcio seja &hellip; <a href=\"https:\/\/neuroforma.com.br\/novo\/como-funciona\/\" class=\"more-link\">Continue lendo <span class=\"screen-reader-text\">Como funciona<\/span> <span class=\"meta-nav\">&rarr;<\/span><\/a><\/p>\n","protected":false},"author":1,"featured_media":0,"parent":0,"menu_order":0,"comment_status":"open","ping_status":"open","template":"","meta":{"footnotes":""},"class_list":["post-1797","page","type-page","status-publish","hentry","repupress_customize_woocommerce_productom_class"],"yoast_head":"<!-- This site is optimized with the Yoast SEO plugin v26.9 - https:\/\/yoast.com\/product\/yoast-seo-wordpress\/ -->\n<title>Como funciona -<\/title>\n<meta name=\"robots\" content=\"index, follow, max-snippet:-1, max-image-preview:large, max-video-preview:-1\" \/>\n<link rel=\"canonical\" href=\"https:\/\/neuroforma.com.br\/novo\/como-funciona\/\" \/>\n<meta property=\"og:locale\" content=\"pt_BR\" \/>\n<meta property=\"og:type\" content=\"article\" \/>\n<meta property=\"og:title\" content=\"Como funciona -\" \/>\n<meta property=\"og:description\" content=\"Por que\u00a0nossos exerc\u00edcios funcionam? Os resultados cient\u00edficos comprovam a efic\u00e1cia dos exerc\u00edcios da plataforma on-line BrainHQ\u00ae. Hoje, em curso, h\u00e1 mais de 100 patentes emitidas com mais de 1.000 pedidos de patentes da tecnologia subjacente nestes exerc\u00edcios. Mais de 100 neurocientistas contribu\u00edram com o\u00a0desenvolvimento desse programa on-line para\u00a0fazer com que cada parte\u00a0de cada exerc\u00edcio seja &hellip; Continue lendo Como funciona &rarr;\" \/>\n<meta property=\"og:url\" content=\"https:\/\/neuroforma.com.br\/novo\/como-funciona\/\" \/>\n<meta property=\"article:modified_time\" content=\"2016-02-24T14:30:53+00:00\" \/>\n<meta name=\"twitter:label1\" content=\"Est. tempo de leitura\" \/>\n\t<meta name=\"twitter:data1\" content=\"2 minutos\" \/>\n<script type=\"application\/ld+json\" class=\"yoast-schema-graph\">{\"@context\":\"https:\/\/schema.org\",\"@graph\":[{\"@type\":\"WebPage\",\"@id\":\"https:\/\/neuroforma.com.br\/novo\/como-funciona\/\",\"url\":\"https:\/\/neuroforma.com.br\/novo\/como-funciona\/\",\"name\":\"Como funciona -\",\"isPartOf\":{\"@id\":\"https:\/\/neuroforma.com.br\/novo\/#website\"},\"datePublished\":\"2014-09-04T17:34:45+00:00\",\"dateModified\":\"2016-02-24T14:30:53+00:00\",\"breadcrumb\":{\"@id\":\"https:\/\/neuroforma.com.br\/novo\/como-funciona\/#breadcrumb\"},\"inLanguage\":\"pt-BR\",\"potentialAction\":[{\"@type\":\"ReadAction\",\"target\":[\"https:\/\/neuroforma.com.br\/novo\/como-funciona\/\"]}]},{\"@type\":\"BreadcrumbList\",\"@id\":\"https:\/\/neuroforma.com.br\/novo\/como-funciona\/#breadcrumb\",\"itemListElement\":[{\"@type\":\"ListItem\",\"position\":1,\"name\":\"Home\",\"item\":\"https:\/\/neuroforma.com.br\/novo\/\"},{\"@type\":\"ListItem\",\"position\":2,\"name\":\"Como funciona\"}]},{\"@type\":\"WebSite\",\"@id\":\"https:\/\/neuroforma.com.br\/novo\/#website\",\"url\":\"https:\/\/neuroforma.com.br\/novo\/\",\"name\":\"\",\"description\":\"\",\"potentialAction\":[{\"@type\":\"SearchAction\",\"target\":{\"@type\":\"EntryPoint\",\"urlTemplate\":\"https:\/\/neuroforma.com.br\/novo\/?s={search_term_string}\"},\"query-input\":{\"@type\":\"PropertyValueSpecification\",\"valueRequired\":true,\"valueName\":\"search_term_string\"}}],\"inLanguage\":\"pt-BR\"}]}<\/script>\n<!-- \/ Yoast SEO plugin. -->","yoast_head_json":{"title":"Como funciona -","robots":{"index":"index","follow":"follow","max-snippet":"max-snippet:-1","max-image-preview":"max-image-preview:large","max-video-preview":"max-video-preview:-1"},"canonical":"https:\/\/neuroforma.com.br\/novo\/como-funciona\/","og_locale":"pt_BR","og_type":"article","og_title":"Como funciona -","og_description":"Por que\u00a0nossos exerc\u00edcios funcionam? Os resultados cient\u00edficos comprovam a efic\u00e1cia dos exerc\u00edcios da plataforma on-line BrainHQ\u00ae. Hoje, em curso, h\u00e1 mais de 100 patentes emitidas com mais de 1.000 pedidos de patentes da tecnologia subjacente nestes exerc\u00edcios. Mais de 100 neurocientistas contribu\u00edram com o\u00a0desenvolvimento desse programa on-line para\u00a0fazer com que cada parte\u00a0de cada exerc\u00edcio seja &hellip; Continue lendo Como funciona &rarr;","og_url":"https:\/\/neuroforma.com.br\/novo\/como-funciona\/","article_modified_time":"2016-02-24T14:30:53+00:00","twitter_misc":{"Est. tempo de leitura":"2 minutos"},"schema":{"@context":"https:\/\/schema.org","@graph":[{"@type":"WebPage","@id":"https:\/\/neuroforma.com.br\/novo\/como-funciona\/","url":"https:\/\/neuroforma.com.br\/novo\/como-funciona\/","name":"Como funciona -","isPartOf":{"@id":"https:\/\/neuroforma.com.br\/novo\/#website"},"datePublished":"2014-09-04T17:34:45+00:00","dateModified":"2016-02-24T14:30:53+00:00","breadcrumb":{"@id":"https:\/\/neuroforma.com.br\/novo\/como-funciona\/#breadcrumb"},"inLanguage":"pt-BR","potentialAction":[{"@type":"ReadAction","target":["https:\/\/neuroforma.com.br\/novo\/como-funciona\/"]}]},{"@type":"BreadcrumbList","@id":"https:\/\/neuroforma.com.br\/novo\/como-funciona\/#breadcrumb","itemListElement":[{"@type":"ListItem","position":1,"name":"Home","item":"https:\/\/neuroforma.com.br\/novo\/"},{"@type":"ListItem","position":2,"name":"Como funciona"}]},{"@type":"WebSite","@id":"https:\/\/neuroforma.com.br\/novo\/#website","url":"https:\/\/neuroforma.com.br\/novo\/","name":"","description":"","potentialAction":[{"@type":"SearchAction","target":{"@type":"EntryPoint","urlTemplate":"https:\/\/neuroforma.com.br\/novo\/?s={search_term_string}"},"query-input":{"@type":"PropertyValueSpecification","valueRequired":true,"valueName":"search_term_string"}}],"inLanguage":"pt-BR"}]}},"_links":{"self":[{"href":"https:\/\/neuroforma.com.br\/novo\/wp-json\/wp\/v2\/pages\/1797","targetHints":{"allow":["GET"]}}],"collection":[{"href":"https:\/\/neuroforma.com.br\/novo\/wp-json\/wp\/v2\/pages"}],"about":[{"href":"https:\/\/neuroforma.com.br\/novo\/wp-json\/wp\/v2\/types\/page"}],"author":[{"embeddable":true,"href":"https:\/\/neuroforma.com.br\/novo\/wp-json\/wp\/v2\/users\/1"}],"replies":[{"embeddable":true,"href":"https:\/\/neuroforma.com.br\/novo\/wp-json\/wp\/v2\/comments?post=1797"}],"version-history":[{"count":18,"href":"https:\/\/neuroforma.com.br\/novo\/wp-json\/wp\/v2\/pages\/1797\/revisions"}],"predecessor-version":[{"id":3479,"href":"https:\/\/neuroforma.com.br\/novo\/wp-json\/wp\/v2\/pages\/1797\/revisions\/3479"}],"wp:attachment":[{"href":"https:\/\/neuroforma.com.br\/novo\/wp-json\/wp\/v2\/media?parent=1797"}],"curies":[{"name":"wp","href":"https:\/\/api.w.org\/{rel}","templated":true}]}}