{"id":1424,"date":"2014-07-03T20:24:38","date_gmt":"2014-07-03T20:24:38","guid":{"rendered":"https:\/\/neuroforma.com.br\/novo\/?page_id=1424"},"modified":"2017-10-10T21:16:45","modified_gmt":"2017-10-10T21:16:45","slug":"fotos-e-fatos","status":"publish","type":"page","link":"https:\/\/neuroforma.com.br\/novo\/why-brainhq\/about-the-exercises\/fotos-e-fatos","title":{"rendered":"Fotos e Fatos"},"content":{"rendered":"<h1>Fotos e Fatos<\/h1>\n<a href=\"https:\/\/br.brainhq.com\/#ex-select\/people_skills\" class=\"su-button su-button-style-flat\" style=\"color:#FFFFFF;background-color:#f8931d;border-color:#c77618;border-radius:5px\" target=\"_blank\" rel=\"noopener noreferrer\"><span style=\"color:#FFFFFF;padding:0px 34px;font-size:25px;line-height:50px;border-color:#fbb461;border-radius:5px;text-shadow:none\"> Pratique Agora!<\/span><\/a>\n<p>&nbsp;<\/p>\n<p><img loading=\"lazy\" decoding=\"async\" class=\"alignleft size-full wp-image-1228\" src=\"https:\/\/neuroforma.com.br\/novo\/wp-content\/uploads\/2014\/01\/icon-face-facts-lm.jpg\" alt=\"icon-face-facts-lm\" width=\"105\" height=\"115\" \/>Ser apresentado a novas pessoas pode ser muito estressante. Na maioria dos casos, as pessoas esperam que voc\u00ea se lembre do rosto, do nome e de tudo que lhe for dito sobre o novo conhecido \u2014 e voc\u00ea tamb\u00e9m pode ter a mesma expectativa. Essa \u00e9 uma habilidade que pode nos ajudar a nos sentir mais confiantes e confort\u00e1veis em situa\u00e7\u00f5es em que conhecemos novas pessoas. Isso tamb\u00e9m pode nos ajudar a construir e manter rela\u00e7\u00f5es positivas com os outros. Quando algu\u00e9m divide alguma informa\u00e7\u00e3o sobre a pr\u00f3pria vida com voc\u00ea, esquecer-se do que lhe foi contado pode at\u00e9 parecer grosseiro \u2014 mesmo que n\u00e3o seja sua culpa.<\/p>\n<p>&nbsp;<\/p>\n<p><a href=\"https:\/\/neuroforma.com.br\/novo\/wp-content\/uploads\/2014\/07\/bhq-ex-face-facts-01.jpg\"><img loading=\"lazy\" decoding=\"async\" class=\"alignright size-full wp-image-1541\" src=\"https:\/\/neuroforma.com.br\/novo\/wp-content\/uploads\/2014\/07\/bhq-ex-face-facts-01.jpg\" alt=\"bhq-ex-face-facts-01\" width=\"250\" height=\"563\" srcset=\"https:\/\/neuroforma.com.br\/novo\/wp-content\/uploads\/2014\/07\/bhq-ex-face-facts-01.jpg 250w, https:\/\/neuroforma.com.br\/novo\/wp-content\/uploads\/2014\/07\/bhq-ex-face-facts-01-133x300.jpg 133w\" sizes=\"auto, (max-width: 250px) 100vw, 250px\" \/><\/a>O exerc\u00edcio Fotos e Fatos foi concebido para melhorar o sucesso ao conhecer novas pessoas. Ele for\u00e7a seu c\u00e9rebro a corresponder rostos novos e nomes, bem como a se lembrar de outras informa\u00e7\u00f5es sobre a pessoa. A dificuldade do exerc\u00edcio evolui de duas formas:<\/p>\n<ul>\n<li>Conforme seu desempenho melhorar, a quantidade de pessoas que lhe ser\u00e3o apresentadas aumenta.<\/li>\n<li>Nos n\u00edveis mais avan\u00e7ados, os nomes e as informa\u00e7\u00f5es ficar\u00e3o mais parecidos, dificultando a tarefa de grav\u00e1-los corretamente.<\/li>\n<\/ul>\n<p>Dessa forma, na pr\u00f3xima vez que voc\u00ea for apresentado a algu\u00e9m \u2014 talvez ao Pedro, que \u00e9 contador e mora em outro estado, ou \u00e0 Teresa, uma enfermeira que adora biscoitos e cuida de um amigo, ou a Daniel e M\u00e1rcia, seus novos vizinhos que t\u00eam dois filhos e um cachorro chamado Bob \u2014, voc\u00ea ter\u00e1 muito mais chances de se lembrar do que acabou de saber!<\/p>\n<p>&nbsp;<\/p>\n<h3>Fotos e Fatos em poucas palavras<\/h3>\n<p>&nbsp;<\/p>\n<table border=\"1\" width=\"650\" cellspacing=\"0\" cellpadding=\"0\">\n<tbody>\n<tr>\n<td bgcolor=\"#999999\" width=\"147\"><strong>Tarefa<\/strong><\/td>\n<td bgcolor=\"#999999\" width=\"131\"><strong>Objetivo<\/strong><\/td>\n<td bgcolor=\"#999999\" width=\"184\"><strong>Evolu\u00e7\u00e3o<\/strong><\/td>\n<td bgcolor=\"#999999\" width=\"204\"><strong>Pontua\u00e7\u00e3o<\/strong><\/td>\n<\/tr>\n<tr>\n<td valign=\"top\" bgcolor=\"#CCCCCC\" width=\"147\">Ver rostos e ler informa\u00e7\u00f5es sobre eles<\/td>\n<td valign=\"top\" bgcolor=\"#CCCCCC\" width=\"131\">Habilidade social<\/td>\n<td valign=\"top\" bgcolor=\"#CCCCCC\" width=\"184\">Os nomes e as informa\u00e7\u00f5es ficam mais parecidosO g\u00eanero varia (apenas homens, apenas mulheres, ambos os g\u00eaneros)<\/td>\n<td valign=\"top\" bgcolor=\"#CCCCCC\" width=\"204\">Conforme seu desempenho melhorar, voc\u00ea ter\u00e1 que se lembrar de mais rostos, nomes e informa\u00e7\u00f5es.<\/td>\n<\/tr>\n<\/tbody>\n<\/table>\n","protected":false},"excerpt":{"rendered":"<p>Fotos e Fatos &nbsp; Ser apresentado a novas pessoas pode ser muito estressante. Na maioria dos casos, as pessoas esperam que voc\u00ea se lembre do rosto, do nome e de tudo que lhe for dito sobre o novo conhecido \u2014 e voc\u00ea tamb\u00e9m pode ter a mesma expectativa. Essa \u00e9 uma habilidade que pode nos &hellip; <a href=\"https:\/\/neuroforma.com.br\/novo\/why-brainhq\/about-the-exercises\/fotos-e-fatos\" class=\"more-link\">Continue lendo <span class=\"screen-reader-text\">Fotos e Fatos<\/span> <span class=\"meta-nav\">&rarr;<\/span><\/a><\/p>\n","protected":false},"author":1,"featured_media":0,"parent":0,"menu_order":0,"comment_status":"closed","ping_status":"closed","template":"","meta":{"footnotes":""},"class_list":["post-1424","page","type-page","status-publish","hentry","repupress_customize_woocommerce_productom_class"],"yoast_head":"<!-- This site is optimized with the Yoast SEO plugin v26.9 - https:\/\/yoast.com\/product\/yoast-seo-wordpress\/ -->\n<title>Fotos e Fatos -<\/title>\n<meta name=\"robots\" content=\"index, follow, max-snippet:-1, max-image-preview:large, max-video-preview:-1\" \/>\n<link rel=\"canonical\" href=\"https:\/\/neuroforma.com.br\/novo\/why-brainhq\/about-the-exercises\/fotos-e-fatos\/\" \/>\n<meta property=\"og:locale\" content=\"pt_BR\" \/>\n<meta property=\"og:type\" content=\"article\" \/>\n<meta property=\"og:title\" content=\"Fotos e Fatos -\" \/>\n<meta property=\"og:description\" content=\"Fotos e Fatos &nbsp; Ser apresentado a novas pessoas pode ser muito estressante. Na maioria dos casos, as pessoas esperam que voc\u00ea se lembre do rosto, do nome e de tudo que lhe for dito sobre o novo conhecido \u2014 e voc\u00ea tamb\u00e9m pode ter a mesma expectativa. Essa \u00e9 uma habilidade que pode nos &hellip; Continue lendo Fotos e Fatos &rarr;\" \/>\n<meta property=\"og:url\" content=\"https:\/\/neuroforma.com.br\/novo\/why-brainhq\/about-the-exercises\/fotos-e-fatos\/\" \/>\n<meta property=\"article:modified_time\" content=\"2017-10-10T21:16:45+00:00\" \/>\n<meta property=\"og:image\" content=\"https:\/\/neuroforma.com.br\/novo\/wp-content\/uploads\/2014\/01\/icon-face-facts-lm.jpg\" \/>\n<meta name=\"twitter:label1\" content=\"Est. tempo de leitura\" \/>\n\t<meta name=\"twitter:data1\" content=\"2 minutos\" \/>\n<script type=\"application\/ld+json\" class=\"yoast-schema-graph\">{\"@context\":\"https:\/\/schema.org\",\"@graph\":[{\"@type\":\"WebPage\",\"@id\":\"https:\/\/neuroforma.com.br\/novo\/why-brainhq\/about-the-exercises\/fotos-e-fatos\/\",\"url\":\"https:\/\/neuroforma.com.br\/novo\/why-brainhq\/about-the-exercises\/fotos-e-fatos\/\",\"name\":\"Fotos e Fatos -\",\"isPartOf\":{\"@id\":\"https:\/\/neuroforma.com.br\/novo\/#website\"},\"primaryImageOfPage\":{\"@id\":\"https:\/\/neuroforma.com.br\/novo\/why-brainhq\/about-the-exercises\/fotos-e-fatos\/#primaryimage\"},\"image\":{\"@id\":\"https:\/\/neuroforma.com.br\/novo\/why-brainhq\/about-the-exercises\/fotos-e-fatos\/#primaryimage\"},\"thumbnailUrl\":\"https:\/\/neuroforma.com.br\/novo\/wp-content\/uploads\/2014\/01\/icon-face-facts-lm.jpg\",\"datePublished\":\"2014-07-03T20:24:38+00:00\",\"dateModified\":\"2017-10-10T21:16:45+00:00\",\"breadcrumb\":{\"@id\":\"https:\/\/neuroforma.com.br\/novo\/why-brainhq\/about-the-exercises\/fotos-e-fatos\/#breadcrumb\"},\"inLanguage\":\"pt-BR\",\"potentialAction\":[{\"@type\":\"ReadAction\",\"target\":[\"https:\/\/neuroforma.com.br\/novo\/why-brainhq\/about-the-exercises\/fotos-e-fatos\/\"]}]},{\"@type\":\"ImageObject\",\"inLanguage\":\"pt-BR\",\"@id\":\"https:\/\/neuroforma.com.br\/novo\/why-brainhq\/about-the-exercises\/fotos-e-fatos\/#primaryimage\",\"url\":\"https:\/\/neuroforma.com.br\/novo\/wp-content\/uploads\/2014\/01\/icon-face-facts-lm.jpg\",\"contentUrl\":\"https:\/\/neuroforma.com.br\/novo\/wp-content\/uploads\/2014\/01\/icon-face-facts-lm.jpg\",\"width\":105,\"height\":115},{\"@type\":\"BreadcrumbList\",\"@id\":\"https:\/\/neuroforma.com.br\/novo\/why-brainhq\/about-the-exercises\/fotos-e-fatos\/#breadcrumb\",\"itemListElement\":[{\"@type\":\"ListItem\",\"position\":1,\"name\":\"Home\",\"item\":\"https:\/\/neuroforma.com.br\/novo\/\"},{\"@type\":\"ListItem\",\"position\":2,\"name\":\"Fotos e Fatos\"}]},{\"@type\":\"WebSite\",\"@id\":\"https:\/\/neuroforma.com.br\/novo\/#website\",\"url\":\"https:\/\/neuroforma.com.br\/novo\/\",\"name\":\"\",\"description\":\"\",\"potentialAction\":[{\"@type\":\"SearchAction\",\"target\":{\"@type\":\"EntryPoint\",\"urlTemplate\":\"https:\/\/neuroforma.com.br\/novo\/?s={search_term_string}\"},\"query-input\":{\"@type\":\"PropertyValueSpecification\",\"valueRequired\":true,\"valueName\":\"search_term_string\"}}],\"inLanguage\":\"pt-BR\"}]}<\/script>\n<!-- \/ Yoast SEO plugin. -->","yoast_head_json":{"title":"Fotos e Fatos -","robots":{"index":"index","follow":"follow","max-snippet":"max-snippet:-1","max-image-preview":"max-image-preview:large","max-video-preview":"max-video-preview:-1"},"canonical":"https:\/\/neuroforma.com.br\/novo\/why-brainhq\/about-the-exercises\/fotos-e-fatos\/","og_locale":"pt_BR","og_type":"article","og_title":"Fotos e Fatos -","og_description":"Fotos e Fatos &nbsp; Ser apresentado a novas pessoas pode ser muito estressante. Na maioria dos casos, as pessoas esperam que voc\u00ea se lembre do rosto, do nome e de tudo que lhe for dito sobre o novo conhecido \u2014 e voc\u00ea tamb\u00e9m pode ter a mesma expectativa. Essa \u00e9 uma habilidade que pode nos &hellip; Continue lendo Fotos e Fatos &rarr;","og_url":"https:\/\/neuroforma.com.br\/novo\/why-brainhq\/about-the-exercises\/fotos-e-fatos\/","article_modified_time":"2017-10-10T21:16:45+00:00","og_image":[{"url":"https:\/\/neuroforma.com.br\/novo\/wp-content\/uploads\/2014\/01\/icon-face-facts-lm.jpg","type":"","width":"","height":""}],"twitter_misc":{"Est. tempo de leitura":"2 minutos"},"schema":{"@context":"https:\/\/schema.org","@graph":[{"@type":"WebPage","@id":"https:\/\/neuroforma.com.br\/novo\/why-brainhq\/about-the-exercises\/fotos-e-fatos\/","url":"https:\/\/neuroforma.com.br\/novo\/why-brainhq\/about-the-exercises\/fotos-e-fatos\/","name":"Fotos e Fatos -","isPartOf":{"@id":"https:\/\/neuroforma.com.br\/novo\/#website"},"primaryImageOfPage":{"@id":"https:\/\/neuroforma.com.br\/novo\/why-brainhq\/about-the-exercises\/fotos-e-fatos\/#primaryimage"},"image":{"@id":"https:\/\/neuroforma.com.br\/novo\/why-brainhq\/about-the-exercises\/fotos-e-fatos\/#primaryimage"},"thumbnailUrl":"https:\/\/neuroforma.com.br\/novo\/wp-content\/uploads\/2014\/01\/icon-face-facts-lm.jpg","datePublished":"2014-07-03T20:24:38+00:00","dateModified":"2017-10-10T21:16:45+00:00","breadcrumb":{"@id":"https:\/\/neuroforma.com.br\/novo\/why-brainhq\/about-the-exercises\/fotos-e-fatos\/#breadcrumb"},"inLanguage":"pt-BR","potentialAction":[{"@type":"ReadAction","target":["https:\/\/neuroforma.com.br\/novo\/why-brainhq\/about-the-exercises\/fotos-e-fatos\/"]}]},{"@type":"ImageObject","inLanguage":"pt-BR","@id":"https:\/\/neuroforma.com.br\/novo\/why-brainhq\/about-the-exercises\/fotos-e-fatos\/#primaryimage","url":"https:\/\/neuroforma.com.br\/novo\/wp-content\/uploads\/2014\/01\/icon-face-facts-lm.jpg","contentUrl":"https:\/\/neuroforma.com.br\/novo\/wp-content\/uploads\/2014\/01\/icon-face-facts-lm.jpg","width":105,"height":115},{"@type":"BreadcrumbList","@id":"https:\/\/neuroforma.com.br\/novo\/why-brainhq\/about-the-exercises\/fotos-e-fatos\/#breadcrumb","itemListElement":[{"@type":"ListItem","position":1,"name":"Home","item":"https:\/\/neuroforma.com.br\/novo\/"},{"@type":"ListItem","position":2,"name":"Fotos e Fatos"}]},{"@type":"WebSite","@id":"https:\/\/neuroforma.com.br\/novo\/#website","url":"https:\/\/neuroforma.com.br\/novo\/","name":"","description":"","potentialAction":[{"@type":"SearchAction","target":{"@type":"EntryPoint","urlTemplate":"https:\/\/neuroforma.com.br\/novo\/?s={search_term_string}"},"query-input":{"@type":"PropertyValueSpecification","valueRequired":true,"valueName":"search_term_string"}}],"inLanguage":"pt-BR"}]}},"_links":{"self":[{"href":"https:\/\/neuroforma.com.br\/novo\/wp-json\/wp\/v2\/pages\/1424","targetHints":{"allow":["GET"]}}],"collection":[{"href":"https:\/\/neuroforma.com.br\/novo\/wp-json\/wp\/v2\/pages"}],"about":[{"href":"https:\/\/neuroforma.com.br\/novo\/wp-json\/wp\/v2\/types\/page"}],"author":[{"embeddable":true,"href":"https:\/\/neuroforma.com.br\/novo\/wp-json\/wp\/v2\/users\/1"}],"replies":[{"embeddable":true,"href":"https:\/\/neuroforma.com.br\/novo\/wp-json\/wp\/v2\/comments?post=1424"}],"version-history":[{"count":13,"href":"https:\/\/neuroforma.com.br\/novo\/wp-json\/wp\/v2\/pages\/1424\/revisions"}],"predecessor-version":[{"id":4489,"href":"https:\/\/neuroforma.com.br\/novo\/wp-json\/wp\/v2\/pages\/1424\/revisions\/4489"}],"wp:attachment":[{"href":"https:\/\/neuroforma.com.br\/novo\/wp-json\/wp\/v2\/media?parent=1424"}],"curies":[{"name":"wp","href":"https:\/\/api.w.org\/{rel}","templated":true}]}}