{"id":1399,"date":"2014-07-03T19:08:21","date_gmt":"2014-07-03T19:08:21","guid":{"rendered":"https:\/\/neuroforma.com.br\/novo\/?page_id=1399"},"modified":"2017-05-02T20:16:21","modified_gmt":"2017-05-02T20:16:21","slug":"ondas-visuais","status":"publish","type":"page","link":"https:\/\/neuroforma.com.br\/novo\/why-brainhq\/about-the-exercises\/ondas-visuais","title":{"rendered":"Ondas Visuais"},"content":{"rendered":"<h1>Ondas Visuais<\/h1>\n<a href=\"https:\/\/br.brainhq.com\/#ex-select\/brain_speed\" class=\"su-button su-button-style-flat\" style=\"color:#FFFFFF;background-color:#144d8d;border-color:#103e71;border-radius:5px\" target=\"_blank\" rel=\"noopener noreferrer\"><span style=\"color:#FFFFFF;padding:0px 34px;font-size:25px;line-height:50px;border-color:#5b83b0;border-radius:5px;text-shadow:none\"> Pratique Agora!<\/span><\/a>\n<p><a href=\"https:\/\/neuroforma.com.br\/novo\/wp-content\/uploads\/2014\/01\/icon-visual-sweeps-lm.jpg\"><img loading=\"lazy\" decoding=\"async\" class=\"alignleft size-full wp-image-1396\" alt=\"icon-visual-sweeps-lm\" src=\"https:\/\/neuroforma.com.br\/novo\/wp-content\/uploads\/2014\/01\/icon-visual-sweeps-lm.jpg\" width=\"105\" height=\"115\" \/><\/a><\/p>\n<p>Imagine que voc\u00ea esteja jogando t\u00eanis. Seu advers\u00e1rio saca. A habilidade de devolver o saque depende, em parte, da velocidade de processamento visual. Quanto mais r\u00e1pido voc\u00ea identificar a trajet\u00f3ria da bola, mais cedo poder\u00e1 se posicionar parar devolver o saque.<\/p>\n<p>&nbsp;<\/p>\n<p>O exerc\u00edcio Ondas Visuais pode ajudar em situa\u00e7\u00f5es de movimento em alta velocidade como essa, pois acelera o processamento visual, para que voc\u00ea capte mais informa\u00e7\u00f5es de forma r\u00e1pida e precisa. Assim, voc\u00ea pode reagir mais rapidamente ao momento. Al\u00e9m disso, o exerc\u00edcio tamb\u00e9m ajuda a criar uma imagem clara da situa\u00e7\u00e3o na sua mente, facilitando a memoriza\u00e7\u00e3o dos acontecimentos visuais.<\/p>\n<p>&nbsp;<\/p>\n<p><a href=\"https:\/\/neuroforma.com.br\/novo\/wp-content\/uploads\/2014\/07\/bhq-ex-visual-sweeps-01-br.jpg\"><img loading=\"lazy\" decoding=\"async\" class=\"alignright size-full wp-image-1531\" alt=\"bhq-ex-visual-sweeps-01-br\" src=\"https:\/\/neuroforma.com.br\/novo\/wp-content\/uploads\/2014\/07\/bhq-ex-visual-sweeps-01-br.jpg\" width=\"350\" height=\"360\" srcset=\"https:\/\/neuroforma.com.br\/novo\/wp-content\/uploads\/2014\/07\/bhq-ex-visual-sweeps-01-br.jpg 350w, https:\/\/neuroforma.com.br\/novo\/wp-content\/uploads\/2014\/07\/bhq-ex-visual-sweeps-01-br-291x300.jpg 291w\" sizes=\"auto, (max-width: 350px) 100vw, 350px\" \/><\/a>Em Ondas Visuais, voc\u00ea observa duas frequ\u00eancias espaciais (barras se deslocando) e responde em qual dire\u00e7\u00e3o elas se movimentaram, se para dentro ou para fora. Pode n\u00e3o ser \u00f3bvio, mas, quando decomposto em elementos mais simples, nosso mundo visual \u00e9 constru\u00eddo a partir das informa\u00e7\u00f5es visuais b\u00e1sicas apresentadas nesses movimentos, como cor, lumin\u00e2ncia, orienta\u00e7\u00e3o, frequ\u00eancia espacial. Se pudermos ajudar nossos c\u00e9rebros a identificar, sem esfor\u00e7o, esses movimentos em velocidades muito r\u00e1pidas, estaremos melhorando nossa acuidade visual de forma geral.<\/p>\n<p>&nbsp;<\/p>\n<p>Movimentos diferentes ativam diferentes conjuntos de neur\u00f4nios (as c\u00e9lulas nervosas do c\u00e9rebro). Por exemplo, um grupo neuronal pode responder a movimentos horizontais, e outro responder a movimentos verticais. Para exercitar a maior quantidade poss\u00edvel de neur\u00f4nios, os movimentos mudam de v\u00e1rias maneiras:<\/p>\n<p>&nbsp;<\/p>\n<ol>\n<li>Cor e brilho: As ondas s\u00e3o apresentadas em cinco cores escolhidas cuidadosamente para maximizar a resposta neuronal.<\/li>\n<li>Orienta\u00e7\u00e3o: As ondas se deslocam em quatro dire\u00e7\u00f5es: vertical, horizontal e duas diagonais. Como antes, cada dire\u00e7\u00e3o visa um conjunto de neur\u00f4nios diferente.<\/li>\n<li>Frequ\u00eancia espacial: As barras das ondas ficam mais grossas e mais finas para que seu c\u00e9rebro responda de forma igual a todos os movimentos.<\/li>\n<\/ol>\n<p>&nbsp;<\/p>\n<p>Conforme seu desempenho melhora, as ondas s\u00e3o gradualmente aceleradas, for\u00e7ando seu c\u00e9rebro a se acelerar tamb\u00e9m!<\/p>\n<p>&nbsp;<\/p>\n<h3>Ondas Visuais em poucas palavras<\/h3>\n<p>&nbsp;<\/p>\n<table width=\"758\" border=\"1\" cellspacing=\"0\" cellpadding=\"0\">\n<tbody>\n<tr>\n<td bgcolor=\"#999999\" width=\"164\"><strong>Tarefa<\/strong><\/td>\n<td bgcolor=\"#999999\" width=\"135\"><strong>Objetivo<\/strong><\/td>\n<td bgcolor=\"#999999\" width=\"153\"><strong>Evolu\u00e7\u00e3o<\/strong><\/td>\n<td bgcolor=\"#999999\" width=\"224\"><strong>Pontua\u00e7\u00e3o<\/strong><\/td>\n<\/tr>\n<tr>\n<td valign=\"top\" bgcolor=\"#CCCCCC\" width=\"164\" height=\"158\">Observar dois padr\u00f5es que \u201condulam\u201d para fora ou para dentro e identificar a dire\u00e7\u00e3o de cada um<\/td>\n<td valign=\"top\" bgcolor=\"#CCCCCC\" width=\"135\">Velocidade de processamento visual<\/td>\n<td valign=\"top\" bgcolor=\"#CCCCCC\" width=\"153\">As cores das ondas mudamA dire\u00e7\u00e3o das ondas mudaA largura das barras muda<\/td>\n<td valign=\"top\" bgcolor=\"#CCCCCC\" width=\"224\">Os pontos s\u00e3o marcados em milissegundos. Conforme seu desempenho melhora, as ondas ficam mais r\u00e1pidas, garantindo uma pontua\u00e7\u00e3o menor (melhor)<\/td>\n<\/tr>\n<\/tbody>\n<\/table>\n","protected":false},"excerpt":{"rendered":"<p>Ondas Visuais Imagine que voc\u00ea esteja jogando t\u00eanis. Seu advers\u00e1rio saca. A habilidade de devolver o saque depende, em parte, da velocidade de processamento visual. Quanto mais r\u00e1pido voc\u00ea identificar a trajet\u00f3ria da bola, mais cedo poder\u00e1 se posicionar parar devolver o saque. &nbsp; O exerc\u00edcio Ondas Visuais pode ajudar em situa\u00e7\u00f5es de movimento em &hellip; <a href=\"https:\/\/neuroforma.com.br\/novo\/why-brainhq\/about-the-exercises\/ondas-visuais\" class=\"more-link\">Continue lendo <span class=\"screen-reader-text\">Ondas Visuais<\/span> <span class=\"meta-nav\">&rarr;<\/span><\/a><\/p>\n","protected":false},"author":1,"featured_media":0,"parent":0,"menu_order":0,"comment_status":"closed","ping_status":"closed","template":"","meta":{"footnotes":""},"class_list":["post-1399","page","type-page","status-publish","hentry","repupress_customize_woocommerce_productom_class"],"yoast_head":"<!-- This site is optimized with the Yoast SEO plugin v26.9 - https:\/\/yoast.com\/product\/yoast-seo-wordpress\/ -->\n<title>Ondas Visuais -<\/title>\n<meta name=\"robots\" content=\"index, follow, max-snippet:-1, max-image-preview:large, max-video-preview:-1\" \/>\n<link rel=\"canonical\" href=\"https:\/\/neuroforma.com.br\/novo\/why-brainhq\/about-the-exercises\/ondas-visuais\/\" \/>\n<meta property=\"og:locale\" content=\"pt_BR\" \/>\n<meta property=\"og:type\" content=\"article\" \/>\n<meta property=\"og:title\" content=\"Ondas Visuais -\" \/>\n<meta property=\"og:description\" content=\"Ondas Visuais Imagine que voc\u00ea esteja jogando t\u00eanis. Seu advers\u00e1rio saca. A habilidade de devolver o saque depende, em parte, da velocidade de processamento visual. Quanto mais r\u00e1pido voc\u00ea identificar a trajet\u00f3ria da bola, mais cedo poder\u00e1 se posicionar parar devolver o saque. &nbsp; O exerc\u00edcio Ondas Visuais pode ajudar em situa\u00e7\u00f5es de movimento em &hellip; Continue lendo Ondas Visuais &rarr;\" \/>\n<meta property=\"og:url\" content=\"https:\/\/neuroforma.com.br\/novo\/why-brainhq\/about-the-exercises\/ondas-visuais\/\" \/>\n<meta property=\"article:modified_time\" content=\"2017-05-02T20:16:21+00:00\" \/>\n<meta property=\"og:image\" content=\"https:\/\/neuroforma.com.br\/novo\/wp-content\/uploads\/2014\/01\/icon-visual-sweeps-lm.jpg\" \/>\n<meta name=\"twitter:label1\" content=\"Est. tempo de leitura\" \/>\n\t<meta name=\"twitter:data1\" content=\"2 minutos\" \/>\n<script type=\"application\/ld+json\" class=\"yoast-schema-graph\">{\"@context\":\"https:\/\/schema.org\",\"@graph\":[{\"@type\":\"WebPage\",\"@id\":\"https:\/\/neuroforma.com.br\/novo\/why-brainhq\/about-the-exercises\/ondas-visuais\/\",\"url\":\"https:\/\/neuroforma.com.br\/novo\/why-brainhq\/about-the-exercises\/ondas-visuais\/\",\"name\":\"Ondas Visuais -\",\"isPartOf\":{\"@id\":\"https:\/\/neuroforma.com.br\/novo\/#website\"},\"primaryImageOfPage\":{\"@id\":\"https:\/\/neuroforma.com.br\/novo\/why-brainhq\/about-the-exercises\/ondas-visuais\/#primaryimage\"},\"image\":{\"@id\":\"https:\/\/neuroforma.com.br\/novo\/why-brainhq\/about-the-exercises\/ondas-visuais\/#primaryimage\"},\"thumbnailUrl\":\"https:\/\/neuroforma.com.br\/novo\/wp-content\/uploads\/2014\/01\/icon-visual-sweeps-lm.jpg\",\"datePublished\":\"2014-07-03T19:08:21+00:00\",\"dateModified\":\"2017-05-02T20:16:21+00:00\",\"breadcrumb\":{\"@id\":\"https:\/\/neuroforma.com.br\/novo\/why-brainhq\/about-the-exercises\/ondas-visuais\/#breadcrumb\"},\"inLanguage\":\"pt-BR\",\"potentialAction\":[{\"@type\":\"ReadAction\",\"target\":[\"https:\/\/neuroforma.com.br\/novo\/why-brainhq\/about-the-exercises\/ondas-visuais\/\"]}]},{\"@type\":\"ImageObject\",\"inLanguage\":\"pt-BR\",\"@id\":\"https:\/\/neuroforma.com.br\/novo\/why-brainhq\/about-the-exercises\/ondas-visuais\/#primaryimage\",\"url\":\"https:\/\/neuroforma.com.br\/novo\/wp-content\/uploads\/2014\/01\/icon-visual-sweeps-lm.jpg\",\"contentUrl\":\"https:\/\/neuroforma.com.br\/novo\/wp-content\/uploads\/2014\/01\/icon-visual-sweeps-lm.jpg\",\"width\":105,\"height\":115},{\"@type\":\"BreadcrumbList\",\"@id\":\"https:\/\/neuroforma.com.br\/novo\/why-brainhq\/about-the-exercises\/ondas-visuais\/#breadcrumb\",\"itemListElement\":[{\"@type\":\"ListItem\",\"position\":1,\"name\":\"Home\",\"item\":\"https:\/\/neuroforma.com.br\/novo\/\"},{\"@type\":\"ListItem\",\"position\":2,\"name\":\"Ondas Visuais\"}]},{\"@type\":\"WebSite\",\"@id\":\"https:\/\/neuroforma.com.br\/novo\/#website\",\"url\":\"https:\/\/neuroforma.com.br\/novo\/\",\"name\":\"\",\"description\":\"\",\"potentialAction\":[{\"@type\":\"SearchAction\",\"target\":{\"@type\":\"EntryPoint\",\"urlTemplate\":\"https:\/\/neuroforma.com.br\/novo\/?s={search_term_string}\"},\"query-input\":{\"@type\":\"PropertyValueSpecification\",\"valueRequired\":true,\"valueName\":\"search_term_string\"}}],\"inLanguage\":\"pt-BR\"}]}<\/script>\n<!-- \/ Yoast SEO plugin. -->","yoast_head_json":{"title":"Ondas Visuais -","robots":{"index":"index","follow":"follow","max-snippet":"max-snippet:-1","max-image-preview":"max-image-preview:large","max-video-preview":"max-video-preview:-1"},"canonical":"https:\/\/neuroforma.com.br\/novo\/why-brainhq\/about-the-exercises\/ondas-visuais\/","og_locale":"pt_BR","og_type":"article","og_title":"Ondas Visuais -","og_description":"Ondas Visuais Imagine que voc\u00ea esteja jogando t\u00eanis. Seu advers\u00e1rio saca. A habilidade de devolver o saque depende, em parte, da velocidade de processamento visual. Quanto mais r\u00e1pido voc\u00ea identificar a trajet\u00f3ria da bola, mais cedo poder\u00e1 se posicionar parar devolver o saque. &nbsp; O exerc\u00edcio Ondas Visuais pode ajudar em situa\u00e7\u00f5es de movimento em &hellip; Continue lendo Ondas Visuais &rarr;","og_url":"https:\/\/neuroforma.com.br\/novo\/why-brainhq\/about-the-exercises\/ondas-visuais\/","article_modified_time":"2017-05-02T20:16:21+00:00","og_image":[{"url":"https:\/\/neuroforma.com.br\/novo\/wp-content\/uploads\/2014\/01\/icon-visual-sweeps-lm.jpg","type":"","width":"","height":""}],"twitter_misc":{"Est. tempo de leitura":"2 minutos"},"schema":{"@context":"https:\/\/schema.org","@graph":[{"@type":"WebPage","@id":"https:\/\/neuroforma.com.br\/novo\/why-brainhq\/about-the-exercises\/ondas-visuais\/","url":"https:\/\/neuroforma.com.br\/novo\/why-brainhq\/about-the-exercises\/ondas-visuais\/","name":"Ondas Visuais -","isPartOf":{"@id":"https:\/\/neuroforma.com.br\/novo\/#website"},"primaryImageOfPage":{"@id":"https:\/\/neuroforma.com.br\/novo\/why-brainhq\/about-the-exercises\/ondas-visuais\/#primaryimage"},"image":{"@id":"https:\/\/neuroforma.com.br\/novo\/why-brainhq\/about-the-exercises\/ondas-visuais\/#primaryimage"},"thumbnailUrl":"https:\/\/neuroforma.com.br\/novo\/wp-content\/uploads\/2014\/01\/icon-visual-sweeps-lm.jpg","datePublished":"2014-07-03T19:08:21+00:00","dateModified":"2017-05-02T20:16:21+00:00","breadcrumb":{"@id":"https:\/\/neuroforma.com.br\/novo\/why-brainhq\/about-the-exercises\/ondas-visuais\/#breadcrumb"},"inLanguage":"pt-BR","potentialAction":[{"@type":"ReadAction","target":["https:\/\/neuroforma.com.br\/novo\/why-brainhq\/about-the-exercises\/ondas-visuais\/"]}]},{"@type":"ImageObject","inLanguage":"pt-BR","@id":"https:\/\/neuroforma.com.br\/novo\/why-brainhq\/about-the-exercises\/ondas-visuais\/#primaryimage","url":"https:\/\/neuroforma.com.br\/novo\/wp-content\/uploads\/2014\/01\/icon-visual-sweeps-lm.jpg","contentUrl":"https:\/\/neuroforma.com.br\/novo\/wp-content\/uploads\/2014\/01\/icon-visual-sweeps-lm.jpg","width":105,"height":115},{"@type":"BreadcrumbList","@id":"https:\/\/neuroforma.com.br\/novo\/why-brainhq\/about-the-exercises\/ondas-visuais\/#breadcrumb","itemListElement":[{"@type":"ListItem","position":1,"name":"Home","item":"https:\/\/neuroforma.com.br\/novo\/"},{"@type":"ListItem","position":2,"name":"Ondas Visuais"}]},{"@type":"WebSite","@id":"https:\/\/neuroforma.com.br\/novo\/#website","url":"https:\/\/neuroforma.com.br\/novo\/","name":"","description":"","potentialAction":[{"@type":"SearchAction","target":{"@type":"EntryPoint","urlTemplate":"https:\/\/neuroforma.com.br\/novo\/?s={search_term_string}"},"query-input":{"@type":"PropertyValueSpecification","valueRequired":true,"valueName":"search_term_string"}}],"inLanguage":"pt-BR"}]}},"_links":{"self":[{"href":"https:\/\/neuroforma.com.br\/novo\/wp-json\/wp\/v2\/pages\/1399","targetHints":{"allow":["GET"]}}],"collection":[{"href":"https:\/\/neuroforma.com.br\/novo\/wp-json\/wp\/v2\/pages"}],"about":[{"href":"https:\/\/neuroforma.com.br\/novo\/wp-json\/wp\/v2\/types\/page"}],"author":[{"embeddable":true,"href":"https:\/\/neuroforma.com.br\/novo\/wp-json\/wp\/v2\/users\/1"}],"replies":[{"embeddable":true,"href":"https:\/\/neuroforma.com.br\/novo\/wp-json\/wp\/v2\/comments?post=1399"}],"version-history":[{"count":12,"href":"https:\/\/neuroforma.com.br\/novo\/wp-json\/wp\/v2\/pages\/1399\/revisions"}],"predecessor-version":[{"id":4128,"href":"https:\/\/neuroforma.com.br\/novo\/wp-json\/wp\/v2\/pages\/1399\/revisions\/4128"}],"wp:attachment":[{"href":"https:\/\/neuroforma.com.br\/novo\/wp-json\/wp\/v2\/media?parent=1399"}],"curies":[{"name":"wp","href":"https:\/\/api.w.org\/{rel}","templated":true}]}}