{"id":1393,"date":"2014-07-03T19:00:04","date_gmt":"2014-07-03T19:00:04","guid":{"rendered":"https:\/\/neuroforma.com.br\/novo\/?page_id=1393"},"modified":"2017-05-02T20:13:54","modified_gmt":"2017-05-02T20:13:54","slug":"ondas-sonoras","status":"publish","type":"page","link":"https:\/\/neuroforma.com.br\/novo\/why-brainhq\/about-the-exercises\/ondas-sonoras","title":{"rendered":"Ondas Sonoras"},"content":{"rendered":"<h1>Ondas Sonoras<\/h1>\n<a href=\"https:\/\/br.brainhq.com\/#ex-select\/brain_speed\" class=\"su-button su-button-style-flat\" style=\"color:#FFFFFF;background-color:#144d8d;border-color:#103e71;border-radius:5px\" target=\"_blank\" rel=\"noopener noreferrer\"><span style=\"color:#FFFFFF;padding:0px 34px;font-size:25px;line-height:50px;border-color:#5b83b0;border-radius:5px;text-shadow:none\"> Pratique Agora!<\/span><\/a>\n<p><img loading=\"lazy\" decoding=\"async\" class=\"alignleft size-full wp-image-1240\" alt=\"icon-sound-sweeps-lm\" src=\"https:\/\/neuroforma.com.br\/novo\/wp-content\/uploads\/2014\/01\/icon-sound-sweeps-lm.jpg\" width=\"105\" height=\"115\" \/>Ondas sonoras \u00e9 um exerc\u00edcio auditivo, concebido para acelerar e agu\u00e7ar a audi\u00e7\u00e3o. O c\u00e9rebro precisa ouvir os sons de forma r\u00e1pida e clara para grav\u00e1-los com precis\u00e3o. E apenas quando essas informa\u00e7\u00f5es s\u00e3o gravadas com precis\u00e3o, \u00e9 poss\u00edvel recuper\u00e1-las (lembrar-se) posteriormente.<\/p>\n<p>&nbsp;<\/p>\n<p>Em Ondas Sonoras, voc\u00ea escuta mudan\u00e7as de frequ\u00eancia \u2014 sons que come\u00e7am graves e ficam mais agudos e vice-versa \u2014 e identifica se eles est\u00e3o subindo (\u201cuip\u201d) ou descendo (\u201cuup\u201d). E o que isso tem a ver com a sua vida?<\/p>\n<p>&nbsp;<\/p>\n<p>Acontece que \u00e9 essencial que nossos c\u00e9rebros identifiquem mudan\u00e7as de frequ\u00eancia para compreender a fala. Embora n\u00e3o percebamos conscientemente essas mudan\u00e7as quando algu\u00e9m fala, muitos dos sons comuns na fala, como \/p\/, \/d\/, \/t\/, \/g\/, \/k\/ e outros, s\u00e3o, na verdade, compostos por uma s\u00e9rie de mudan\u00e7as como as deste exerc\u00edcio. Nossos c\u00e9rebros t\u00eam de ser capazes de perceber essas mudan\u00e7as para identificar o que outra pessoa est\u00e1 falando. Por exemplo, uma mudan\u00e7a de dire\u00e7\u00e3o \u00e9 tudo o que diferencia os sons \/g\/ e \/d\/ \u2014 portanto, \u00e9 o \u00fanico recurso que o c\u00e9rebro tem para diferenciar as palavras \u201cgata\u201d e \u201cdata\u201d.<\/p>\n<p>&nbsp;<\/p>\n<p>Repare que a maior diferen\u00e7a entre os sons \/d\/ e \/g\/ est\u00e1 na linha horizontal superior \u2014 a banda de frequ\u00eancias do \/d\/ desce, enquanto a do \/g\/ sobe.<\/p>\n<p>&nbsp;<\/p>\n<p>Essas mudan\u00e7as de frequ\u00eancia ocorrem num intervalo de milissegundos. Esse \u00e9 todo o tempo que nosso c\u00e9rebro tem para identific\u00e1-las corretamente \u2014 e o som, a palavra e a frase de que elas fazem parte. Mas, com o avan\u00e7o da idade (e devido a certos dist\u00farbios cognitivos), o c\u00e9rebro tende a ficar mais lento. Fica cada vez mais dif\u00edcil identificar essas mudan\u00e7as de sequ\u00eancia de forma r\u00e1pida e precisa&#8230; ou seja, passamos a ter mais dificuldade para diferenciar sons.<\/p>\n<p>&nbsp;<\/p>\n<p>Muitas vezes, \u00e9 poss\u00edvel compensar essas perdas parcialmente, valendo-se do contexto. Por exemplo: pode ser dif\u00edcil diferenciar as palavras \u201cfalsa\u201d e \u201cvalsa\u201d, mas, nas frases \u201cminha amiga \u00e9 falsa\u201d e \u201cvou dan\u00e7ar uma valsa\u201d, n\u00e3o \u00e9 necess\u00e1rio perceber o primeiro fonema da palavra com precis\u00e3o. Intuitivamente, podemos deduzir o que ouvimos de forma quase imediata, a partir do contexto da frase e dos demais fonemas da palavra. Na verdade, \u00e9 poss\u00edvel que nem percebamos que n\u00e3o estamos conseguindo diferenciar muito bem as palavras \u201cfalsa\u201d e \u201cvalsa\u201d.<\/p>\n<p>&nbsp;<\/p>\n<p><a href=\"https:\/\/neuroforma.com.br\/novo\/wp-content\/uploads\/2014\/07\/bhq-ex-sound-sweeps-01.jpg\"><img loading=\"lazy\" decoding=\"async\" class=\"alignright size-full wp-image-1529\" alt=\"bhq-ex-sound-sweeps-01\" src=\"https:\/\/neuroforma.com.br\/novo\/wp-content\/uploads\/2014\/07\/bhq-ex-sound-sweeps-01.jpg\" width=\"250\" height=\"173\" \/><\/a>Mas isso gera consequ\u00eancias na sua mem\u00f3ria. O c\u00e9rebro gravar\u00e1 as palavras falsa ou valsa de forma confusa. Portanto, quando voc\u00ea tentar recuperar essa informa\u00e7\u00e3o, ela n\u00e3o estar\u00e1 clara, mas coberta de ru\u00eddo.<\/p>\n<p>&nbsp;<\/p>\n<p>Com o tempo, a incapacidade do c\u00e9rebro em reconhecer mudan\u00e7as de frequ\u00eancia com rapidez pode at\u00e9 mesmo afetar as suas conversas com outras pessoas. Como as conex\u00f5es cerebrais continuam enfraquecendo, as outras palavras da frase \u2014 as que forneciam o contexto \u2014 podem se tornar dif\u00edceis de reconhecer. Se o trecho \u201cminha amiga\u201d come\u00e7ar a soar de forma confusa \u2014 e voc\u00ea n\u00e3o mais ter certeza se ouviu \u201cminha amiga\u201d, \u201cminha bexiga\u201d, \u201cmina bonita\u201d e por a\u00ed vai \u2014, ser\u00e1 mais dif\u00edcil interpretar a primeira parte da frase a partir do contexto. Distinguir os sons se mostra ainda mais complicado quando o interlocutor \u00e9 uma crian\u00e7a que fala r\u00e1pido ou algu\u00e9m que n\u00e3o pronuncie as palavras muito claramente.<\/p>\n<p>&nbsp;<\/p>\n<p>A\u00ed voc\u00ea se pega perguntando \u201cQu\u00ea?\u201d toda hora, ou come\u00e7a a responder com apenas um sorriso quando algu\u00e9m o aborda, pois n\u00e3o sabe muito bem o que foi dito.<\/p>\n<p>&nbsp;<\/p>\n<p>As Ondas Sonoras acabam com esse problema. Esse exerc\u00edcio treina seu c\u00e9rebro a reconhecer novamente mudan\u00e7as de frequ\u00eancia com rapidez e precis\u00e3o, para que voc\u00ea entenda facilmente o que foi dito e crie lembran\u00e7as cristalinas do que ouviu.<\/p>\n<p>&nbsp;<\/p>\n<p><a href=\"https:\/\/neuroforma.com.br\/novo\/wp-content\/uploads\/2014\/07\/bhq-ex-sound-sweeps-02-br.jpg\"><img loading=\"lazy\" decoding=\"async\" class=\"alignright size-full wp-image-1527\" alt=\"bhq-ex-sound-sweeps-02-br\" src=\"https:\/\/neuroforma.com.br\/novo\/wp-content\/uploads\/2014\/07\/bhq-ex-sound-sweeps-02-br.jpg\" width=\"580\" height=\"170\" srcset=\"https:\/\/neuroforma.com.br\/novo\/wp-content\/uploads\/2014\/07\/bhq-ex-sound-sweeps-02-br.jpg 580w, https:\/\/neuroforma.com.br\/novo\/wp-content\/uploads\/2014\/07\/bhq-ex-sound-sweeps-02-br-300x87.jpg 300w, https:\/\/neuroforma.com.br\/novo\/wp-content\/uploads\/2014\/07\/bhq-ex-sound-sweeps-02-br-500x146.jpg 500w\" sizes=\"auto, (max-width: 580px) 100vw, 580px\" \/><\/a>Como? Pedindo que voc\u00ea identifique mudan\u00e7as em diversas faixas de frequ\u00eancia e em diferentes intervalos. Veja como o exerc\u00edcio evolui:<\/p>\n<p>&nbsp;<\/p>\n<p>Frequ\u00eancia: Ao avan\u00e7ar pelos n\u00edveis, as mudan\u00e7as ser\u00e3o de frequ\u00eancia. Algumas soar\u00e3o altas, e outras, baixas.<\/p>\n<p>Por qu\u00ea? As mudan\u00e7as de frequ\u00eancia permitem que o c\u00e9rebro diferencie um som de outro \u2014 como \/b\/ e \/d\/. As mudan\u00e7as nesse exerc\u00edcio reproduzem mudan\u00e7as de frequ\u00eancia que fazem parte da fala humana. O exerc\u00edcio cobre todas as frequ\u00eancias mais comuns na fala humana, de 500 a 5000 Hz.<\/p>\n<p>&nbsp;<\/p>\n<p>Intervalo entre est\u00edmulos (IEE): Nos n\u00edveis mais avan\u00e7ados, o intervalo entre as mudan\u00e7as muda. Intervalos menores s\u00e3o mais dif\u00edceis de identificar.<\/p>\n<p>Por qu\u00ea? O exerc\u00edcio altera o IEE para ajudar seu c\u00e9rebro a processar os sons separadamente, mesmo que eles sejam emitidos muito pr\u00f3ximos um do outro. Em c\u00e9rebros mais lentos, pode acontecer um \u201cmascaramento retr\u00f3grado\u201d. Isso acontece quando um segundo som \u00e9 emitido imediatamente ap\u00f3s o primeiro, gerando uma interfer\u00eancia. O c\u00e9rebro ainda est\u00e1 tentando interpretar o primeiro som, quando o segundo aparece. Ao for\u00e7ar seu c\u00e9rebro a ouvir corretamente com IEEs menores, o exerc\u00edcio de Ondas Sonoras ajuda a acelerar o processamento cerebral para superar o problema.<\/p>\n<p>&nbsp;<\/p>\n<p>As mudan\u00e7as ficam mais r\u00e1pidas conforme seu desempenho melhora. Assim, seu c\u00e9rebro ser\u00e1 sempre desafiado a se superar.<\/p>\n<p>&nbsp;<\/p>\n<h3>Ondas Sonoras em poucas palavras<\/h3>\n<p>&nbsp;<\/p>\n<table width=\"731\" border=\"1\" cellspacing=\"0\" cellpadding=\"0\">\n<tbody>\n<tr>\n<td bgcolor=\"#999999\" width=\"176\"><strong>Tarefa<\/strong><\/td>\n<td bgcolor=\"#999999\" width=\"159\"><strong>Objetivo<\/strong><\/td>\n<td bgcolor=\"#999999\" width=\"191\"><strong>Evolu\u00e7\u00e3o <\/strong><\/td>\n<td bgcolor=\"#999999\" width=\"195\"><strong>Pontua\u00e7\u00e3o<\/strong><\/td>\n<\/tr>\n<tr>\n<td valign=\"top\" bgcolor=\"#CCCCCC\" width=\"176\" height=\"142\">Ouvir dois sons que se \u201cmovem\u201d para cima ou para baixo e identificar a dire\u00e7\u00e3o deles<\/td>\n<td valign=\"top\" bgcolor=\"#CCCCCC\" width=\"159\">Velocidade de processamento auditivo<\/td>\n<td valign=\"top\" bgcolor=\"#CCCCCC\" width=\"191\">As frequ\u00eancias sonoras variamO intervalo entre as mudan\u00e7as diminui<\/td>\n<td valign=\"top\" bgcolor=\"#CCCCCC\" width=\"195\">Os pontos s\u00e3o marcados em milissegundos. Conforme seu desempenho melhora, as mudan\u00e7as ficam mais r\u00e1pidas, garantindo uma pontua\u00e7\u00e3o menor (melhor)<\/td>\n<\/tr>\n<\/tbody>\n<\/table>\n","protected":false},"excerpt":{"rendered":"<p>Ondas Sonoras Ondas sonoras \u00e9 um exerc\u00edcio auditivo, concebido para acelerar e agu\u00e7ar a audi\u00e7\u00e3o. O c\u00e9rebro precisa ouvir os sons de forma r\u00e1pida e clara para grav\u00e1-los com precis\u00e3o. E apenas quando essas informa\u00e7\u00f5es s\u00e3o gravadas com precis\u00e3o, \u00e9 poss\u00edvel recuper\u00e1-las (lembrar-se) posteriormente. &nbsp; Em Ondas Sonoras, voc\u00ea escuta mudan\u00e7as de frequ\u00eancia \u2014 sons &hellip; <a href=\"https:\/\/neuroforma.com.br\/novo\/why-brainhq\/about-the-exercises\/ondas-sonoras\" class=\"more-link\">Continue lendo <span class=\"screen-reader-text\">Ondas Sonoras<\/span> <span class=\"meta-nav\">&rarr;<\/span><\/a><\/p>\n","protected":false},"author":1,"featured_media":0,"parent":0,"menu_order":0,"comment_status":"closed","ping_status":"closed","template":"","meta":{"footnotes":""},"class_list":["post-1393","page","type-page","status-publish","hentry","repupress_customize_woocommerce_productom_class"],"yoast_head":"<!-- This site is optimized with the Yoast SEO plugin v26.9 - https:\/\/yoast.com\/product\/yoast-seo-wordpress\/ -->\n<title>Ondas Sonoras -<\/title>\n<meta name=\"robots\" content=\"index, follow, max-snippet:-1, max-image-preview:large, max-video-preview:-1\" \/>\n<link rel=\"canonical\" href=\"https:\/\/neuroforma.com.br\/novo\/why-brainhq\/about-the-exercises\/ondas-sonoras\/\" \/>\n<meta property=\"og:locale\" content=\"pt_BR\" \/>\n<meta property=\"og:type\" content=\"article\" \/>\n<meta property=\"og:title\" content=\"Ondas Sonoras -\" \/>\n<meta property=\"og:description\" content=\"Ondas Sonoras Ondas sonoras \u00e9 um exerc\u00edcio auditivo, concebido para acelerar e agu\u00e7ar a audi\u00e7\u00e3o. O c\u00e9rebro precisa ouvir os sons de forma r\u00e1pida e clara para grav\u00e1-los com precis\u00e3o. E apenas quando essas informa\u00e7\u00f5es s\u00e3o gravadas com precis\u00e3o, \u00e9 poss\u00edvel recuper\u00e1-las (lembrar-se) posteriormente. &nbsp; Em Ondas Sonoras, voc\u00ea escuta mudan\u00e7as de frequ\u00eancia \u2014 sons &hellip; Continue lendo Ondas Sonoras &rarr;\" \/>\n<meta property=\"og:url\" content=\"https:\/\/neuroforma.com.br\/novo\/why-brainhq\/about-the-exercises\/ondas-sonoras\/\" \/>\n<meta property=\"article:modified_time\" content=\"2017-05-02T20:13:54+00:00\" \/>\n<meta property=\"og:image\" content=\"https:\/\/neuroforma.com.br\/novo\/wp-content\/uploads\/2014\/01\/icon-sound-sweeps-lm.jpg\" \/>\n<meta name=\"twitter:label1\" content=\"Est. tempo de leitura\" \/>\n\t<meta name=\"twitter:data1\" content=\"5 minutos\" \/>\n<script type=\"application\/ld+json\" class=\"yoast-schema-graph\">{\"@context\":\"https:\/\/schema.org\",\"@graph\":[{\"@type\":\"WebPage\",\"@id\":\"https:\/\/neuroforma.com.br\/novo\/why-brainhq\/about-the-exercises\/ondas-sonoras\/\",\"url\":\"https:\/\/neuroforma.com.br\/novo\/why-brainhq\/about-the-exercises\/ondas-sonoras\/\",\"name\":\"Ondas Sonoras -\",\"isPartOf\":{\"@id\":\"https:\/\/neuroforma.com.br\/novo\/#website\"},\"primaryImageOfPage\":{\"@id\":\"https:\/\/neuroforma.com.br\/novo\/why-brainhq\/about-the-exercises\/ondas-sonoras\/#primaryimage\"},\"image\":{\"@id\":\"https:\/\/neuroforma.com.br\/novo\/why-brainhq\/about-the-exercises\/ondas-sonoras\/#primaryimage\"},\"thumbnailUrl\":\"https:\/\/neuroforma.com.br\/novo\/wp-content\/uploads\/2014\/01\/icon-sound-sweeps-lm.jpg\",\"datePublished\":\"2014-07-03T19:00:04+00:00\",\"dateModified\":\"2017-05-02T20:13:54+00:00\",\"breadcrumb\":{\"@id\":\"https:\/\/neuroforma.com.br\/novo\/why-brainhq\/about-the-exercises\/ondas-sonoras\/#breadcrumb\"},\"inLanguage\":\"pt-BR\",\"potentialAction\":[{\"@type\":\"ReadAction\",\"target\":[\"https:\/\/neuroforma.com.br\/novo\/why-brainhq\/about-the-exercises\/ondas-sonoras\/\"]}]},{\"@type\":\"ImageObject\",\"inLanguage\":\"pt-BR\",\"@id\":\"https:\/\/neuroforma.com.br\/novo\/why-brainhq\/about-the-exercises\/ondas-sonoras\/#primaryimage\",\"url\":\"https:\/\/neuroforma.com.br\/novo\/wp-content\/uploads\/2014\/01\/icon-sound-sweeps-lm.jpg\",\"contentUrl\":\"https:\/\/neuroforma.com.br\/novo\/wp-content\/uploads\/2014\/01\/icon-sound-sweeps-lm.jpg\",\"width\":105,\"height\":115},{\"@type\":\"BreadcrumbList\",\"@id\":\"https:\/\/neuroforma.com.br\/novo\/why-brainhq\/about-the-exercises\/ondas-sonoras\/#breadcrumb\",\"itemListElement\":[{\"@type\":\"ListItem\",\"position\":1,\"name\":\"Home\",\"item\":\"https:\/\/neuroforma.com.br\/novo\/\"},{\"@type\":\"ListItem\",\"position\":2,\"name\":\"Ondas Sonoras\"}]},{\"@type\":\"WebSite\",\"@id\":\"https:\/\/neuroforma.com.br\/novo\/#website\",\"url\":\"https:\/\/neuroforma.com.br\/novo\/\",\"name\":\"\",\"description\":\"\",\"potentialAction\":[{\"@type\":\"SearchAction\",\"target\":{\"@type\":\"EntryPoint\",\"urlTemplate\":\"https:\/\/neuroforma.com.br\/novo\/?s={search_term_string}\"},\"query-input\":{\"@type\":\"PropertyValueSpecification\",\"valueRequired\":true,\"valueName\":\"search_term_string\"}}],\"inLanguage\":\"pt-BR\"}]}<\/script>\n<!-- \/ Yoast SEO plugin. -->","yoast_head_json":{"title":"Ondas Sonoras -","robots":{"index":"index","follow":"follow","max-snippet":"max-snippet:-1","max-image-preview":"max-image-preview:large","max-video-preview":"max-video-preview:-1"},"canonical":"https:\/\/neuroforma.com.br\/novo\/why-brainhq\/about-the-exercises\/ondas-sonoras\/","og_locale":"pt_BR","og_type":"article","og_title":"Ondas Sonoras -","og_description":"Ondas Sonoras Ondas sonoras \u00e9 um exerc\u00edcio auditivo, concebido para acelerar e agu\u00e7ar a audi\u00e7\u00e3o. O c\u00e9rebro precisa ouvir os sons de forma r\u00e1pida e clara para grav\u00e1-los com precis\u00e3o. E apenas quando essas informa\u00e7\u00f5es s\u00e3o gravadas com precis\u00e3o, \u00e9 poss\u00edvel recuper\u00e1-las (lembrar-se) posteriormente. &nbsp; Em Ondas Sonoras, voc\u00ea escuta mudan\u00e7as de frequ\u00eancia \u2014 sons &hellip; Continue lendo Ondas Sonoras &rarr;","og_url":"https:\/\/neuroforma.com.br\/novo\/why-brainhq\/about-the-exercises\/ondas-sonoras\/","article_modified_time":"2017-05-02T20:13:54+00:00","og_image":[{"url":"https:\/\/neuroforma.com.br\/novo\/wp-content\/uploads\/2014\/01\/icon-sound-sweeps-lm.jpg","type":"","width":"","height":""}],"twitter_misc":{"Est. tempo de leitura":"5 minutos"},"schema":{"@context":"https:\/\/schema.org","@graph":[{"@type":"WebPage","@id":"https:\/\/neuroforma.com.br\/novo\/why-brainhq\/about-the-exercises\/ondas-sonoras\/","url":"https:\/\/neuroforma.com.br\/novo\/why-brainhq\/about-the-exercises\/ondas-sonoras\/","name":"Ondas Sonoras -","isPartOf":{"@id":"https:\/\/neuroforma.com.br\/novo\/#website"},"primaryImageOfPage":{"@id":"https:\/\/neuroforma.com.br\/novo\/why-brainhq\/about-the-exercises\/ondas-sonoras\/#primaryimage"},"image":{"@id":"https:\/\/neuroforma.com.br\/novo\/why-brainhq\/about-the-exercises\/ondas-sonoras\/#primaryimage"},"thumbnailUrl":"https:\/\/neuroforma.com.br\/novo\/wp-content\/uploads\/2014\/01\/icon-sound-sweeps-lm.jpg","datePublished":"2014-07-03T19:00:04+00:00","dateModified":"2017-05-02T20:13:54+00:00","breadcrumb":{"@id":"https:\/\/neuroforma.com.br\/novo\/why-brainhq\/about-the-exercises\/ondas-sonoras\/#breadcrumb"},"inLanguage":"pt-BR","potentialAction":[{"@type":"ReadAction","target":["https:\/\/neuroforma.com.br\/novo\/why-brainhq\/about-the-exercises\/ondas-sonoras\/"]}]},{"@type":"ImageObject","inLanguage":"pt-BR","@id":"https:\/\/neuroforma.com.br\/novo\/why-brainhq\/about-the-exercises\/ondas-sonoras\/#primaryimage","url":"https:\/\/neuroforma.com.br\/novo\/wp-content\/uploads\/2014\/01\/icon-sound-sweeps-lm.jpg","contentUrl":"https:\/\/neuroforma.com.br\/novo\/wp-content\/uploads\/2014\/01\/icon-sound-sweeps-lm.jpg","width":105,"height":115},{"@type":"BreadcrumbList","@id":"https:\/\/neuroforma.com.br\/novo\/why-brainhq\/about-the-exercises\/ondas-sonoras\/#breadcrumb","itemListElement":[{"@type":"ListItem","position":1,"name":"Home","item":"https:\/\/neuroforma.com.br\/novo\/"},{"@type":"ListItem","position":2,"name":"Ondas Sonoras"}]},{"@type":"WebSite","@id":"https:\/\/neuroforma.com.br\/novo\/#website","url":"https:\/\/neuroforma.com.br\/novo\/","name":"","description":"","potentialAction":[{"@type":"SearchAction","target":{"@type":"EntryPoint","urlTemplate":"https:\/\/neuroforma.com.br\/novo\/?s={search_term_string}"},"query-input":{"@type":"PropertyValueSpecification","valueRequired":true,"valueName":"search_term_string"}}],"inLanguage":"pt-BR"}]}},"_links":{"self":[{"href":"https:\/\/neuroforma.com.br\/novo\/wp-json\/wp\/v2\/pages\/1393","targetHints":{"allow":["GET"]}}],"collection":[{"href":"https:\/\/neuroforma.com.br\/novo\/wp-json\/wp\/v2\/pages"}],"about":[{"href":"https:\/\/neuroforma.com.br\/novo\/wp-json\/wp\/v2\/types\/page"}],"author":[{"embeddable":true,"href":"https:\/\/neuroforma.com.br\/novo\/wp-json\/wp\/v2\/users\/1"}],"replies":[{"embeddable":true,"href":"https:\/\/neuroforma.com.br\/novo\/wp-json\/wp\/v2\/comments?post=1393"}],"version-history":[{"count":10,"href":"https:\/\/neuroforma.com.br\/novo\/wp-json\/wp\/v2\/pages\/1393\/revisions"}],"predecessor-version":[{"id":4125,"href":"https:\/\/neuroforma.com.br\/novo\/wp-json\/wp\/v2\/pages\/1393\/revisions\/4125"}],"wp:attachment":[{"href":"https:\/\/neuroforma.com.br\/novo\/wp-json\/wp\/v2\/media?parent=1393"}],"curies":[{"name":"wp","href":"https:\/\/api.w.org\/{rel}","templated":true}]}}