{"id":1386,"date":"2014-07-03T18:47:35","date_gmt":"2014-07-03T18:47:35","guid":{"rendered":"https:\/\/neuroforma.com.br\/novo\/?page_id=1386"},"modified":"2017-05-02T20:14:54","modified_gmt":"2017-05-02T20:14:54","slug":"sintonia-fina","status":"publish","type":"page","link":"https:\/\/neuroforma.com.br\/novo\/why-brainhq\/about-the-exercises\/sintonia-fina","title":{"rendered":"Sintonia Fina"},"content":{"rendered":"<h1>Sintonia Fina<\/h1>\n<a href=\"https:\/\/br.brainhq.com\/#ex-select\/brain_speed\" class=\"su-button su-button-style-flat\" style=\"color:#FFFFFF;background-color:#144d8d;border-color:#103e71;border-radius:5px\" target=\"_blank\" rel=\"noopener noreferrer\"><span style=\"color:#FFFFFF;padding:0px 34px;font-size:25px;line-height:50px;border-color:#5b83b0;border-radius:5px;text-shadow:none\"> Pratique Agora!<\/span><\/a>\n<p><img loading=\"lazy\" decoding=\"async\" class=\"alignleft size-full wp-image-1230\" src=\"https:\/\/neuroforma.com.br\/novo\/wp-content\/uploads\/2014\/01\/icon-fine-tuning-lm.jpg\" alt=\"icon-fine-tuning-lm\" width=\"105\" height=\"115\" \/>Em Sintonia Fina, voc\u00ea ter\u00e1 que escolher entre duas s\u00edlabas que soam parecidas, como \u201cbo\u201d e \u201cdo\u201d.<\/p>\n<p>&nbsp;<\/p>\n<p>F\u00e1cil? Calma&#8230; pode ser mais dif\u00edcil do que parece.<\/p>\n<p>&nbsp;<\/p>\n<p>S\u00edlabas como essas s\u00e3o chamadas de \u201cpares confund\u00edveis\u201d. Elas cont\u00eam sons particularmente dif\u00edceis de serem diferenciados pelo c\u00e9rebro, especialmente em situa\u00e7\u00f5es mais complicadas, como numa sala lotada e barulhenta, ou quando o interlocutor n\u00e3o pronuncia bem as palavras ou fala muito r\u00e1pido.<\/p>\n<p>&nbsp;<\/p>\n<p>Muitas pessoas t\u00eam mais dificuldade de discernir essas s\u00edlabas ap\u00f3s os 30 anos ou devido a certos problemas cognitivos, pois o c\u00e9rebro fica um pouco mais lento nessas condi\u00e7\u00f5es. Para ouvir bem, cada milissegundo \u00e9 importante. Mesmo quando o c\u00e9rebro fica um \u00ednfimo mais lento, essa redu\u00e7\u00e3o pode misturar os sons. \u00c9 a\u00ed que voc\u00ea se pega tendo que pedir que as pessoas repitam o que acabaram de dizer. E, quando um som n\u00e3o \u00e9 gravado pelo c\u00e9rebro com precis\u00e3o, \u00e9 mais dif\u00edcil recordar-se dele mais tarde.<\/p>\n<p>&nbsp;<\/p>\n<p>Por exemplo: quando nosso sistema auditivo interno\u00a0recebe as informa\u00e7\u00f5es de uma palavra, como \u201cmel\u201d, os neur\u00f4nios especializados nas frequ\u00eancias de cada som dessa palavra (\/m\/, \/e\/, \/l\/) t\u00eam que disparar quase ao mesmo tempo em que as ondas sonoras chegam \u00e0 orelha. Desta forma, \u00e9 poss\u00edvel distinguir claramente cada som: \/m\/, \/e\/, \/l\/. Quando os neur\u00f4nios ligam e desligam com atraso em rela\u00e7\u00e3o a determinado som, eles perdem parte desse som e percebem parte do seguinte, gerando uma representa\u00e7\u00e3o sonora com ru\u00eddo ou confusa. Por exemplo, se os neur\u00f4nios respons\u00e1veis pelo som \/m\/ forem ligados e desligados com atraso, eles registrar\u00e3o o fonema \/m\/ misturado com o fonema \/e\/, em vez de um som de \/m\/ claro, completo e em alta fidelidade.<\/p>\n<p>&nbsp;<\/p>\n<p><img loading=\"lazy\" decoding=\"async\" class=\"alignright size-full wp-image-1519\" src=\"https:\/\/neuroforma.com.br\/novo\/wp-content\/uploads\/2014\/07\/bhq-ex-fine-tuning-01-br.jpg\" alt=\"bhq-ex-fine-tuning-01-br\" width=\"350\" height=\"657\" \/>\u00c0s vezes, nem percebemos que temos esse problema, pois nosso c\u00e9rebro compensa, sem grande esfor\u00e7o, a audi\u00e7\u00e3o imprecisa com o contexto. Nem sempre \u00e9 necess\u00e1rio ouvir cada som com perfei\u00e7\u00e3o, porque os outros sons e as outras palavras sinalizam o que dever\u00edamos ouvir. No entanto, mesmo que na hora voc\u00ea compreenda o sentido, a lembran\u00e7a daquela conversa provavelmente ficar\u00e1 prejudicada. Quando seu c\u00e9rebro tentar recuperar a conversa, encontrar\u00e1 apenas uma vers\u00e3o nebulosa e indistinta da palavra, em vez de um registro claro e preciso.<\/p>\n<p>&nbsp;<\/p>\n<p>O objetivo de Sintonia Fina \u00e9 treinar seus neur\u00f4nios a voltarem a fazer o trabalho direito: ligar e desligar no momento adequado para que possam perceber, transmitir e representar com clareza o som de cada consoante quando combinado com o som de uma vogal.<\/p>\n<p>&nbsp;<\/p>\n<p>Por que as s\u00edlabas soam meio esquisitas?<\/p>\n<p>&nbsp;<\/p>\n<p>As s\u00edlabas usadas em Sintonia Fina n\u00e3o pertencem \u00e0 fala natural. Elas s\u00e3o sintetizadas. Usando fala sintetizada, nossos pesquisadores t\u00eam controle total sobre os sons. Consoantes que s\u00e3o de dif\u00edcil distin\u00e7\u00e3o, como \/b\/ e \/d\/, s\u00e3o alongadas para dar aos neur\u00f4nios (da c\u00f3clea e do c\u00f3rtex auditivo) o tempo necess\u00e1rio para perceb\u00ea-las, transmiti-las e para fazer representa\u00e7\u00f5es corretas de cada som. Conforme seu desempenho melhora, as consoantes s\u00e3o gradualmente aceleradas, for\u00e7ando os neur\u00f4nios a se acelerarem tamb\u00e9m.<\/p>\n<p>&nbsp;<\/p>\n<p>Conforme o exerc\u00edcio refina cada vez mais os caminhos neurais e melhora o <i>timing<\/i> do c\u00e9rebro, fica mais f\u00e1cil entender pessoas que n\u00e3o pronunciam as palavras direito ou que falam muito r\u00e1pido. O c\u00e9rebro se torna capaz de discernir com clareza cada som da frase e n\u00e3o precisa mais depender do contexto para interpretar o que escuta. Esperamos que voc\u00ea nunca mais tenha que pedir a algu\u00e9m que repita o que foi dito!<\/p>\n<p>&nbsp;<\/p>\n<h3>Sintonia Fina em poucas palavras<\/h3>\n<p>&nbsp;<\/p>\n<table border=\"1\" width=\"811\" cellspacing=\"0\" cellpadding=\"0\">\n<tbody>\n<tr>\n<td bgcolor=\"#999999\" width=\"189\"><strong>Tarefa<\/strong><\/td>\n<td bgcolor=\"#999999\" width=\"186\"><strong>Objetivo<\/strong><\/td>\n<td bgcolor=\"#999999\" width=\"201\"><strong>Evolu\u00e7\u00e3o <\/strong><\/td>\n<td bgcolor=\"#999999\" width=\"225\"><strong>Pontua\u00e7\u00e3o<\/strong><\/td>\n<\/tr>\n<tr>\n<td valign=\"top\" bgcolor=\"#CCCCCC\" width=\"189\" height=\"149\">Escutar uma s\u00edlaba e identificar qual som ela representa, entre duas op\u00e7\u00f5es<\/td>\n<td valign=\"top\" bgcolor=\"#CCCCCC\" width=\"186\">Percep\u00e7\u00e3o auditiva e velocidade de processamento<\/td>\n<td valign=\"top\" bgcolor=\"#CCCCCC\" width=\"201\">Os pares de s\u00edlabas mudamA voz muda de feminina para masculina<\/td>\n<td valign=\"top\" bgcolor=\"#CCCCCC\" width=\"225\">Sua pontua\u00e7\u00e3o \u00e9 o n\u00edvel de semelhan\u00e7a que voc\u00ea atinge.Quanto maior o n\u00edvel, mais similares s\u00e3o as duas s\u00edlabas.<\/td>\n<\/tr>\n<\/tbody>\n<\/table>\n","protected":false},"excerpt":{"rendered":"<p>Sintonia Fina Em Sintonia Fina, voc\u00ea ter\u00e1 que escolher entre duas s\u00edlabas que soam parecidas, como \u201cbo\u201d e \u201cdo\u201d. &nbsp; F\u00e1cil? Calma&#8230; pode ser mais dif\u00edcil do que parece. &nbsp; S\u00edlabas como essas s\u00e3o chamadas de \u201cpares confund\u00edveis\u201d. Elas cont\u00eam sons particularmente dif\u00edceis de serem diferenciados pelo c\u00e9rebro, especialmente em situa\u00e7\u00f5es mais complicadas, como numa &hellip; <a href=\"https:\/\/neuroforma.com.br\/novo\/why-brainhq\/about-the-exercises\/sintonia-fina\" class=\"more-link\">Continue lendo <span class=\"screen-reader-text\">Sintonia Fina<\/span> <span class=\"meta-nav\">&rarr;<\/span><\/a><\/p>\n","protected":false},"author":1,"featured_media":0,"parent":0,"menu_order":0,"comment_status":"closed","ping_status":"closed","template":"","meta":{"footnotes":""},"class_list":["post-1386","page","type-page","status-publish","hentry","repupress_customize_woocommerce_productom_class"],"yoast_head":"<!-- This site is optimized with the Yoast SEO plugin v26.9 - https:\/\/yoast.com\/product\/yoast-seo-wordpress\/ -->\n<title>Sintonia Fina -<\/title>\n<meta name=\"robots\" content=\"index, follow, max-snippet:-1, max-image-preview:large, max-video-preview:-1\" \/>\n<link rel=\"canonical\" href=\"https:\/\/neuroforma.com.br\/novo\/why-brainhq\/about-the-exercises\/sintonia-fina\/\" \/>\n<meta property=\"og:locale\" content=\"pt_BR\" \/>\n<meta property=\"og:type\" content=\"article\" \/>\n<meta property=\"og:title\" content=\"Sintonia Fina -\" \/>\n<meta property=\"og:description\" content=\"Sintonia Fina Em Sintonia Fina, voc\u00ea ter\u00e1 que escolher entre duas s\u00edlabas que soam parecidas, como \u201cbo\u201d e \u201cdo\u201d. &nbsp; F\u00e1cil? Calma&#8230; pode ser mais dif\u00edcil do que parece. &nbsp; S\u00edlabas como essas s\u00e3o chamadas de \u201cpares confund\u00edveis\u201d. Elas cont\u00eam sons particularmente dif\u00edceis de serem diferenciados pelo c\u00e9rebro, especialmente em situa\u00e7\u00f5es mais complicadas, como numa &hellip; Continue lendo Sintonia Fina &rarr;\" \/>\n<meta property=\"og:url\" content=\"https:\/\/neuroforma.com.br\/novo\/why-brainhq\/about-the-exercises\/sintonia-fina\/\" \/>\n<meta property=\"article:modified_time\" content=\"2017-05-02T20:14:54+00:00\" \/>\n<meta property=\"og:image\" content=\"https:\/\/neuroforma.com.br\/novo\/wp-content\/uploads\/2014\/01\/icon-fine-tuning-lm.jpg\" \/>\n<meta name=\"twitter:label1\" content=\"Est. tempo de leitura\" \/>\n\t<meta name=\"twitter:data1\" content=\"4 minutos\" \/>\n<script type=\"application\/ld+json\" class=\"yoast-schema-graph\">{\"@context\":\"https:\/\/schema.org\",\"@graph\":[{\"@type\":\"WebPage\",\"@id\":\"https:\/\/neuroforma.com.br\/novo\/why-brainhq\/about-the-exercises\/sintonia-fina\/\",\"url\":\"https:\/\/neuroforma.com.br\/novo\/why-brainhq\/about-the-exercises\/sintonia-fina\/\",\"name\":\"Sintonia Fina -\",\"isPartOf\":{\"@id\":\"https:\/\/neuroforma.com.br\/novo\/#website\"},\"primaryImageOfPage\":{\"@id\":\"https:\/\/neuroforma.com.br\/novo\/why-brainhq\/about-the-exercises\/sintonia-fina\/#primaryimage\"},\"image\":{\"@id\":\"https:\/\/neuroforma.com.br\/novo\/why-brainhq\/about-the-exercises\/sintonia-fina\/#primaryimage\"},\"thumbnailUrl\":\"https:\/\/neuroforma.com.br\/novo\/wp-content\/uploads\/2014\/01\/icon-fine-tuning-lm.jpg\",\"datePublished\":\"2014-07-03T18:47:35+00:00\",\"dateModified\":\"2017-05-02T20:14:54+00:00\",\"breadcrumb\":{\"@id\":\"https:\/\/neuroforma.com.br\/novo\/why-brainhq\/about-the-exercises\/sintonia-fina\/#breadcrumb\"},\"inLanguage\":\"pt-BR\",\"potentialAction\":[{\"@type\":\"ReadAction\",\"target\":[\"https:\/\/neuroforma.com.br\/novo\/why-brainhq\/about-the-exercises\/sintonia-fina\/\"]}]},{\"@type\":\"ImageObject\",\"inLanguage\":\"pt-BR\",\"@id\":\"https:\/\/neuroforma.com.br\/novo\/why-brainhq\/about-the-exercises\/sintonia-fina\/#primaryimage\",\"url\":\"https:\/\/neuroforma.com.br\/novo\/wp-content\/uploads\/2014\/01\/icon-fine-tuning-lm.jpg\",\"contentUrl\":\"https:\/\/neuroforma.com.br\/novo\/wp-content\/uploads\/2014\/01\/icon-fine-tuning-lm.jpg\",\"width\":105,\"height\":115},{\"@type\":\"BreadcrumbList\",\"@id\":\"https:\/\/neuroforma.com.br\/novo\/why-brainhq\/about-the-exercises\/sintonia-fina\/#breadcrumb\",\"itemListElement\":[{\"@type\":\"ListItem\",\"position\":1,\"name\":\"Home\",\"item\":\"https:\/\/neuroforma.com.br\/novo\/\"},{\"@type\":\"ListItem\",\"position\":2,\"name\":\"Sintonia Fina\"}]},{\"@type\":\"WebSite\",\"@id\":\"https:\/\/neuroforma.com.br\/novo\/#website\",\"url\":\"https:\/\/neuroforma.com.br\/novo\/\",\"name\":\"\",\"description\":\"\",\"potentialAction\":[{\"@type\":\"SearchAction\",\"target\":{\"@type\":\"EntryPoint\",\"urlTemplate\":\"https:\/\/neuroforma.com.br\/novo\/?s={search_term_string}\"},\"query-input\":{\"@type\":\"PropertyValueSpecification\",\"valueRequired\":true,\"valueName\":\"search_term_string\"}}],\"inLanguage\":\"pt-BR\"}]}<\/script>\n<!-- \/ Yoast SEO plugin. -->","yoast_head_json":{"title":"Sintonia Fina -","robots":{"index":"index","follow":"follow","max-snippet":"max-snippet:-1","max-image-preview":"max-image-preview:large","max-video-preview":"max-video-preview:-1"},"canonical":"https:\/\/neuroforma.com.br\/novo\/why-brainhq\/about-the-exercises\/sintonia-fina\/","og_locale":"pt_BR","og_type":"article","og_title":"Sintonia Fina -","og_description":"Sintonia Fina Em Sintonia Fina, voc\u00ea ter\u00e1 que escolher entre duas s\u00edlabas que soam parecidas, como \u201cbo\u201d e \u201cdo\u201d. &nbsp; F\u00e1cil? Calma&#8230; pode ser mais dif\u00edcil do que parece. &nbsp; S\u00edlabas como essas s\u00e3o chamadas de \u201cpares confund\u00edveis\u201d. Elas cont\u00eam sons particularmente dif\u00edceis de serem diferenciados pelo c\u00e9rebro, especialmente em situa\u00e7\u00f5es mais complicadas, como numa &hellip; Continue lendo Sintonia Fina &rarr;","og_url":"https:\/\/neuroforma.com.br\/novo\/why-brainhq\/about-the-exercises\/sintonia-fina\/","article_modified_time":"2017-05-02T20:14:54+00:00","og_image":[{"url":"https:\/\/neuroforma.com.br\/novo\/wp-content\/uploads\/2014\/01\/icon-fine-tuning-lm.jpg","type":"","width":"","height":""}],"twitter_misc":{"Est. tempo de leitura":"4 minutos"},"schema":{"@context":"https:\/\/schema.org","@graph":[{"@type":"WebPage","@id":"https:\/\/neuroforma.com.br\/novo\/why-brainhq\/about-the-exercises\/sintonia-fina\/","url":"https:\/\/neuroforma.com.br\/novo\/why-brainhq\/about-the-exercises\/sintonia-fina\/","name":"Sintonia Fina -","isPartOf":{"@id":"https:\/\/neuroforma.com.br\/novo\/#website"},"primaryImageOfPage":{"@id":"https:\/\/neuroforma.com.br\/novo\/why-brainhq\/about-the-exercises\/sintonia-fina\/#primaryimage"},"image":{"@id":"https:\/\/neuroforma.com.br\/novo\/why-brainhq\/about-the-exercises\/sintonia-fina\/#primaryimage"},"thumbnailUrl":"https:\/\/neuroforma.com.br\/novo\/wp-content\/uploads\/2014\/01\/icon-fine-tuning-lm.jpg","datePublished":"2014-07-03T18:47:35+00:00","dateModified":"2017-05-02T20:14:54+00:00","breadcrumb":{"@id":"https:\/\/neuroforma.com.br\/novo\/why-brainhq\/about-the-exercises\/sintonia-fina\/#breadcrumb"},"inLanguage":"pt-BR","potentialAction":[{"@type":"ReadAction","target":["https:\/\/neuroforma.com.br\/novo\/why-brainhq\/about-the-exercises\/sintonia-fina\/"]}]},{"@type":"ImageObject","inLanguage":"pt-BR","@id":"https:\/\/neuroforma.com.br\/novo\/why-brainhq\/about-the-exercises\/sintonia-fina\/#primaryimage","url":"https:\/\/neuroforma.com.br\/novo\/wp-content\/uploads\/2014\/01\/icon-fine-tuning-lm.jpg","contentUrl":"https:\/\/neuroforma.com.br\/novo\/wp-content\/uploads\/2014\/01\/icon-fine-tuning-lm.jpg","width":105,"height":115},{"@type":"BreadcrumbList","@id":"https:\/\/neuroforma.com.br\/novo\/why-brainhq\/about-the-exercises\/sintonia-fina\/#breadcrumb","itemListElement":[{"@type":"ListItem","position":1,"name":"Home","item":"https:\/\/neuroforma.com.br\/novo\/"},{"@type":"ListItem","position":2,"name":"Sintonia Fina"}]},{"@type":"WebSite","@id":"https:\/\/neuroforma.com.br\/novo\/#website","url":"https:\/\/neuroforma.com.br\/novo\/","name":"","description":"","potentialAction":[{"@type":"SearchAction","target":{"@type":"EntryPoint","urlTemplate":"https:\/\/neuroforma.com.br\/novo\/?s={search_term_string}"},"query-input":{"@type":"PropertyValueSpecification","valueRequired":true,"valueName":"search_term_string"}}],"inLanguage":"pt-BR"}]}},"_links":{"self":[{"href":"https:\/\/neuroforma.com.br\/novo\/wp-json\/wp\/v2\/pages\/1386","targetHints":{"allow":["GET"]}}],"collection":[{"href":"https:\/\/neuroforma.com.br\/novo\/wp-json\/wp\/v2\/pages"}],"about":[{"href":"https:\/\/neuroforma.com.br\/novo\/wp-json\/wp\/v2\/types\/page"}],"author":[{"embeddable":true,"href":"https:\/\/neuroforma.com.br\/novo\/wp-json\/wp\/v2\/users\/1"}],"replies":[{"embeddable":true,"href":"https:\/\/neuroforma.com.br\/novo\/wp-json\/wp\/v2\/comments?post=1386"}],"version-history":[{"count":11,"href":"https:\/\/neuroforma.com.br\/novo\/wp-json\/wp\/v2\/pages\/1386\/revisions"}],"predecessor-version":[{"id":4126,"href":"https:\/\/neuroforma.com.br\/novo\/wp-json\/wp\/v2\/pages\/1386\/revisions\/4126"}],"wp:attachment":[{"href":"https:\/\/neuroforma.com.br\/novo\/wp-json\/wp\/v2\/media?parent=1386"}],"curies":[{"name":"wp","href":"https:\/\/api.w.org\/{rel}","templated":true}]}}