{"id":1369,"date":"2014-07-03T17:48:04","date_gmt":"2014-07-03T17:48:04","guid":{"rendered":"https:\/\/neuroforma.com.br\/novo\/?page_id=1369"},"modified":"2024-07-29T22:36:49","modified_gmt":"2024-07-29T22:36:49","slug":"olho-vivo","status":"publish","type":"page","link":"https:\/\/neuroforma.com.br\/novo\/why-brainhq\/about-the-exercises\/olho-vivo","title":{"rendered":"Olho Vivo"},"content":{"rendered":"<h1>Olho Vivo<\/h1>\n<a href=\"https:\/\/br.brainhq.com\/#ex-select\/attention\" class=\"su-button su-button-style-flat\" style=\"color:#FFFFFF;background-color:#144d8d;border-color:#103e71;border-radius:5px\" target=\"_blank\" rel=\"noopener noreferrer\"><span style=\"color:#FFFFFF;padding:0px 34px;font-size:25px;line-height:50px;border-color:#5b83b0;border-radius:5px;text-shadow:none\"> Pratique Agora!<\/span><\/a>\n<p><img loading=\"lazy\" decoding=\"async\" class=\"alignleft size-full wp-image-1241\" src=\"https:\/\/neuroforma.com.br\/novo\/wp-content\/uploads\/2014\/01\/icon-target-tracker-lm.jpg\" alt=\"icon-target-tracker-lm\" width=\"105\" height=\"115\" \/>Quando voc\u00ea est\u00e1 dirigindo e cruza uma esquina movimentada, consegue perceber bem os outros carros, os pedestres e tudo mais que est\u00e1 se deslocando \u00e0 sua volta? Ou digamos que voc\u00ea seja o monitor de uma excurs\u00e3o, respons\u00e1vel por v\u00e1rias crian\u00e7as. \u00c9 f\u00e1cil vigiar todas ao mesmo tempo para que ningu\u00e9m se meta em encrenca? Quando est\u00e1 jogando futebol, v\u00f4lei ou outro esporte, como \u00e9 manter um olho na bola e outro nos demais jogadores de uma vez s\u00f3?<\/p>\n<p>&nbsp;<\/p>\n<p>Em cada uma dessas situa\u00e7\u00f5es, a habilidade de dividir a aten\u00e7\u00e3o visual e acompanhar diversos objetos \u00e9 fundamental. O exerc\u00edcio Olho Vivo foi concebido para ajudar a desenvolver a aten\u00e7\u00e3o dividida, exigindo que voc\u00ea acompanhe v\u00e1rios elementos que se movimentam pela tela ao mesmo tempo.<\/p>\n<p>&nbsp;<\/p>\n<p><img loading=\"lazy\" decoding=\"async\" class=\"alignleft size-full wp-image-2213\" src=\"https:\/\/neuroforma.com.br\/novo\/wp-content\/uploads\/2015\/01\/1781218_378137162344371_3595092106215323783_o.png\" alt=\"1781218_378137162344371_3595092106215323783_o\" width=\"1001\" height=\"595\" srcset=\"https:\/\/neuroforma.com.br\/novo\/wp-content\/uploads\/2015\/01\/1781218_378137162344371_3595092106215323783_o.png 1001w, https:\/\/neuroforma.com.br\/novo\/wp-content\/uploads\/2015\/01\/1781218_378137162344371_3595092106215323783_o-300x178.png 300w, https:\/\/neuroforma.com.br\/novo\/wp-content\/uploads\/2015\/01\/1781218_378137162344371_3595092106215323783_o-500x297.png 500w\" sizes=\"auto, (max-width: 1001px) 100vw, 1001px\" \/><\/p>\n<p>&nbsp;<\/p>\n<p><img loading=\"lazy\" decoding=\"async\" class=\"size-full wp-image-1503 alignright\" src=\"https:\/\/neuroforma.com.br\/novo\/wp-content\/uploads\/2014\/07\/bhq-ex-target-tracker-01-br.jpg\" alt=\"bhq-ex-target-tracker-01-br\" width=\"250\" height=\"442\" srcset=\"https:\/\/neuroforma.com.br\/novo\/wp-content\/uploads\/2014\/07\/bhq-ex-target-tracker-01-br.jpg 250w, https:\/\/neuroforma.com.br\/novo\/wp-content\/uploads\/2014\/07\/bhq-ex-target-tracker-01-br-169x300.jpg 169w\" sizes=\"auto, (max-width: 250px) 100vw, 250px\" \/>Em Olho Vivo, a tela exibe alguns alvos inicialmente, como bolhas, peixes ou \u00e1guas-vivas. Em seguida, v\u00e1rios elementos \u201cenganadores\u201d s\u00e3o acrescentados \u00e0 imagem ou seja: mais bolhas, peixes ou \u00e1guas-vivas). Sua tarefa \u00e9 acompanhar os alvos iniciais enquanto todos os objetos se movimentam aleatoriamente pela tela. Quando os objetos pararem de se deslocar, voc\u00ea dever\u00e1 clicar em todos os alvos originais, para identific\u00e1-los.<\/p>\n<p>Conforme os n\u00edveis do exerc\u00edcio avan\u00e7am, a dificuldade aumenta das seguintes maneiras:<\/p>\n<p>&nbsp;<\/p>\n<ul>\n<li>Os objetos se deslocam com mais rapidez, por mais tempo e por \u00e1reas maiores.<\/li>\n<li>O contraste entre os objetos e o plano de fundo diminui, dificultando a tarefa de acompanhar os alvos.<\/li>\n<li>O exerc\u00edcio se adapta ao seu desempenho, alterando a quantidade de objetos a serem acompanhados. A quantidade aumenta quando voc\u00ea vai bem e diminui quando seu desempenho n\u00e3o \u00e9 t\u00e3o bom.<\/li>\n<\/ul>\n<p>Domine o exerc\u00edcio Olho Vivo para se sentir mais alerta ao perceber tudo que est\u00e1 acontecendo \u00e0 sua volta \u2014 seja trafegando, se orientando em um ambiente lotado ou em qualquer outra atividade visual que envolva aten\u00e7\u00e3o dividida e movimento.<\/p>\n<h3>Exerc\u00edcio Olho Vivo em poucas palavras:<\/h3>\n<p>&nbsp;<\/p>\n<table border=\"1\" width=\"754\" cellspacing=\"0\" cellpadding=\"0\">\n<tbody>\n<tr>\n<td bgcolor=\"#999999\" width=\"162\"><strong>Tarefa<\/strong><\/td>\n<td bgcolor=\"#999999\" width=\"136\"><strong>Objetivo<\/strong><\/td>\n<td bgcolor=\"#999999\" width=\"238\"><strong>Evolu\u00e7\u00e3o <\/strong><\/td>\n<td bgcolor=\"#999999\" width=\"208\"><strong>Pontua\u00e7\u00e3o<\/strong><\/td>\n<\/tr>\n<tr>\n<td valign=\"top\" bgcolor=\"#CCCCCC\" width=\"162\" height=\"158\">Acompanhar os alvos enquanto se movimentam pela tela<\/td>\n<td valign=\"top\" bgcolor=\"#CCCCCC\" width=\"136\">Aprimorar as capacidades de aten\u00e7\u00e3o dividida, mem\u00f3ria, mem\u00f3ria de trabalho.<\/td>\n<td valign=\"top\" bgcolor=\"#CCCCCC\" width=\"238\">Objetos se deslocam mais rapidamente\u00a0e\u00a0sobre \u00e1rea maior;<\/p>\n<p>Objetos se deslocam por mais tempo;<\/p>\n<p>O contraste visual diminui.<\/td>\n<td valign=\"top\" bgcolor=\"#CCCCCC\" width=\"208\">Sua pontua\u00e7\u00e3o \u00e9 medida pela quantidade de objetos que voc\u00ea consegue acompanhar.<\/td>\n<\/tr>\n<\/tbody>\n<\/table>\n","protected":false},"excerpt":{"rendered":"<p>Olho Vivo Quando voc\u00ea est\u00e1 dirigindo e cruza uma esquina movimentada, consegue perceber bem os outros carros, os pedestres e tudo mais que est\u00e1 se deslocando \u00e0 sua volta? Ou digamos que voc\u00ea seja o monitor de uma excurs\u00e3o, respons\u00e1vel por v\u00e1rias crian\u00e7as. \u00c9 f\u00e1cil vigiar todas ao mesmo tempo para que ningu\u00e9m se meta &hellip; <a href=\"https:\/\/neuroforma.com.br\/novo\/why-brainhq\/about-the-exercises\/olho-vivo\" class=\"more-link\">Continue lendo <span class=\"screen-reader-text\">Olho Vivo<\/span> <span class=\"meta-nav\">&rarr;<\/span><\/a><\/p>\n","protected":false},"author":1,"featured_media":0,"parent":0,"menu_order":0,"comment_status":"closed","ping_status":"closed","template":"","meta":{"footnotes":""},"class_list":["post-1369","page","type-page","status-publish","hentry","repupress_customize_woocommerce_productom_class"],"yoast_head":"<!-- This site is optimized with the Yoast SEO plugin v26.9 - https:\/\/yoast.com\/product\/yoast-seo-wordpress\/ -->\n<title>Olho Vivo -<\/title>\n<meta name=\"robots\" content=\"index, follow, max-snippet:-1, max-image-preview:large, max-video-preview:-1\" \/>\n<link rel=\"canonical\" href=\"https:\/\/neuroforma.com.br\/novo\/why-brainhq\/about-the-exercises\/olho-vivo\/\" \/>\n<meta property=\"og:locale\" content=\"pt_BR\" \/>\n<meta property=\"og:type\" content=\"article\" \/>\n<meta property=\"og:title\" content=\"Olho Vivo -\" \/>\n<meta property=\"og:description\" content=\"Olho Vivo Quando voc\u00ea est\u00e1 dirigindo e cruza uma esquina movimentada, consegue perceber bem os outros carros, os pedestres e tudo mais que est\u00e1 se deslocando \u00e0 sua volta? Ou digamos que voc\u00ea seja o monitor de uma excurs\u00e3o, respons\u00e1vel por v\u00e1rias crian\u00e7as. \u00c9 f\u00e1cil vigiar todas ao mesmo tempo para que ningu\u00e9m se meta &hellip; Continue lendo Olho Vivo &rarr;\" \/>\n<meta property=\"og:url\" content=\"https:\/\/neuroforma.com.br\/novo\/why-brainhq\/about-the-exercises\/olho-vivo\/\" \/>\n<meta property=\"article:modified_time\" content=\"2024-07-29T22:36:49+00:00\" \/>\n<meta property=\"og:image\" content=\"https:\/\/neuroforma.com.br\/novo\/wp-content\/uploads\/2014\/01\/icon-target-tracker-lm.jpg\" \/>\n<meta name=\"twitter:label1\" content=\"Est. tempo de leitura\" \/>\n\t<meta name=\"twitter:data1\" content=\"3 minutos\" \/>\n<script type=\"application\/ld+json\" class=\"yoast-schema-graph\">{\"@context\":\"https:\/\/schema.org\",\"@graph\":[{\"@type\":\"WebPage\",\"@id\":\"https:\/\/neuroforma.com.br\/novo\/why-brainhq\/about-the-exercises\/olho-vivo\/\",\"url\":\"https:\/\/neuroforma.com.br\/novo\/why-brainhq\/about-the-exercises\/olho-vivo\/\",\"name\":\"Olho Vivo -\",\"isPartOf\":{\"@id\":\"https:\/\/neuroforma.com.br\/novo\/#website\"},\"primaryImageOfPage\":{\"@id\":\"https:\/\/neuroforma.com.br\/novo\/why-brainhq\/about-the-exercises\/olho-vivo\/#primaryimage\"},\"image\":{\"@id\":\"https:\/\/neuroforma.com.br\/novo\/why-brainhq\/about-the-exercises\/olho-vivo\/#primaryimage\"},\"thumbnailUrl\":\"https:\/\/neuroforma.com.br\/novo\/wp-content\/uploads\/2014\/01\/icon-target-tracker-lm.jpg\",\"datePublished\":\"2014-07-03T17:48:04+00:00\",\"dateModified\":\"2024-07-29T22:36:49+00:00\",\"breadcrumb\":{\"@id\":\"https:\/\/neuroforma.com.br\/novo\/why-brainhq\/about-the-exercises\/olho-vivo\/#breadcrumb\"},\"inLanguage\":\"pt-BR\",\"potentialAction\":[{\"@type\":\"ReadAction\",\"target\":[\"https:\/\/neuroforma.com.br\/novo\/why-brainhq\/about-the-exercises\/olho-vivo\/\"]}]},{\"@type\":\"ImageObject\",\"inLanguage\":\"pt-BR\",\"@id\":\"https:\/\/neuroforma.com.br\/novo\/why-brainhq\/about-the-exercises\/olho-vivo\/#primaryimage\",\"url\":\"https:\/\/neuroforma.com.br\/novo\/wp-content\/uploads\/2014\/01\/icon-target-tracker-lm.jpg\",\"contentUrl\":\"https:\/\/neuroforma.com.br\/novo\/wp-content\/uploads\/2014\/01\/icon-target-tracker-lm.jpg\",\"width\":105,\"height\":115},{\"@type\":\"BreadcrumbList\",\"@id\":\"https:\/\/neuroforma.com.br\/novo\/why-brainhq\/about-the-exercises\/olho-vivo\/#breadcrumb\",\"itemListElement\":[{\"@type\":\"ListItem\",\"position\":1,\"name\":\"Home\",\"item\":\"https:\/\/neuroforma.com.br\/novo\/\"},{\"@type\":\"ListItem\",\"position\":2,\"name\":\"Olho Vivo\"}]},{\"@type\":\"WebSite\",\"@id\":\"https:\/\/neuroforma.com.br\/novo\/#website\",\"url\":\"https:\/\/neuroforma.com.br\/novo\/\",\"name\":\"\",\"description\":\"\",\"potentialAction\":[{\"@type\":\"SearchAction\",\"target\":{\"@type\":\"EntryPoint\",\"urlTemplate\":\"https:\/\/neuroforma.com.br\/novo\/?s={search_term_string}\"},\"query-input\":{\"@type\":\"PropertyValueSpecification\",\"valueRequired\":true,\"valueName\":\"search_term_string\"}}],\"inLanguage\":\"pt-BR\"}]}<\/script>\n<!-- \/ Yoast SEO plugin. -->","yoast_head_json":{"title":"Olho Vivo -","robots":{"index":"index","follow":"follow","max-snippet":"max-snippet:-1","max-image-preview":"max-image-preview:large","max-video-preview":"max-video-preview:-1"},"canonical":"https:\/\/neuroforma.com.br\/novo\/why-brainhq\/about-the-exercises\/olho-vivo\/","og_locale":"pt_BR","og_type":"article","og_title":"Olho Vivo -","og_description":"Olho Vivo Quando voc\u00ea est\u00e1 dirigindo e cruza uma esquina movimentada, consegue perceber bem os outros carros, os pedestres e tudo mais que est\u00e1 se deslocando \u00e0 sua volta? Ou digamos que voc\u00ea seja o monitor de uma excurs\u00e3o, respons\u00e1vel por v\u00e1rias crian\u00e7as. \u00c9 f\u00e1cil vigiar todas ao mesmo tempo para que ningu\u00e9m se meta &hellip; Continue lendo Olho Vivo &rarr;","og_url":"https:\/\/neuroforma.com.br\/novo\/why-brainhq\/about-the-exercises\/olho-vivo\/","article_modified_time":"2024-07-29T22:36:49+00:00","og_image":[{"url":"https:\/\/neuroforma.com.br\/novo\/wp-content\/uploads\/2014\/01\/icon-target-tracker-lm.jpg","type":"","width":"","height":""}],"twitter_misc":{"Est. tempo de leitura":"3 minutos"},"schema":{"@context":"https:\/\/schema.org","@graph":[{"@type":"WebPage","@id":"https:\/\/neuroforma.com.br\/novo\/why-brainhq\/about-the-exercises\/olho-vivo\/","url":"https:\/\/neuroforma.com.br\/novo\/why-brainhq\/about-the-exercises\/olho-vivo\/","name":"Olho Vivo -","isPartOf":{"@id":"https:\/\/neuroforma.com.br\/novo\/#website"},"primaryImageOfPage":{"@id":"https:\/\/neuroforma.com.br\/novo\/why-brainhq\/about-the-exercises\/olho-vivo\/#primaryimage"},"image":{"@id":"https:\/\/neuroforma.com.br\/novo\/why-brainhq\/about-the-exercises\/olho-vivo\/#primaryimage"},"thumbnailUrl":"https:\/\/neuroforma.com.br\/novo\/wp-content\/uploads\/2014\/01\/icon-target-tracker-lm.jpg","datePublished":"2014-07-03T17:48:04+00:00","dateModified":"2024-07-29T22:36:49+00:00","breadcrumb":{"@id":"https:\/\/neuroforma.com.br\/novo\/why-brainhq\/about-the-exercises\/olho-vivo\/#breadcrumb"},"inLanguage":"pt-BR","potentialAction":[{"@type":"ReadAction","target":["https:\/\/neuroforma.com.br\/novo\/why-brainhq\/about-the-exercises\/olho-vivo\/"]}]},{"@type":"ImageObject","inLanguage":"pt-BR","@id":"https:\/\/neuroforma.com.br\/novo\/why-brainhq\/about-the-exercises\/olho-vivo\/#primaryimage","url":"https:\/\/neuroforma.com.br\/novo\/wp-content\/uploads\/2014\/01\/icon-target-tracker-lm.jpg","contentUrl":"https:\/\/neuroforma.com.br\/novo\/wp-content\/uploads\/2014\/01\/icon-target-tracker-lm.jpg","width":105,"height":115},{"@type":"BreadcrumbList","@id":"https:\/\/neuroforma.com.br\/novo\/why-brainhq\/about-the-exercises\/olho-vivo\/#breadcrumb","itemListElement":[{"@type":"ListItem","position":1,"name":"Home","item":"https:\/\/neuroforma.com.br\/novo\/"},{"@type":"ListItem","position":2,"name":"Olho Vivo"}]},{"@type":"WebSite","@id":"https:\/\/neuroforma.com.br\/novo\/#website","url":"https:\/\/neuroforma.com.br\/novo\/","name":"","description":"","potentialAction":[{"@type":"SearchAction","target":{"@type":"EntryPoint","urlTemplate":"https:\/\/neuroforma.com.br\/novo\/?s={search_term_string}"},"query-input":{"@type":"PropertyValueSpecification","valueRequired":true,"valueName":"search_term_string"}}],"inLanguage":"pt-BR"}]}},"_links":{"self":[{"href":"https:\/\/neuroforma.com.br\/novo\/wp-json\/wp\/v2\/pages\/1369","targetHints":{"allow":["GET"]}}],"collection":[{"href":"https:\/\/neuroforma.com.br\/novo\/wp-json\/wp\/v2\/pages"}],"about":[{"href":"https:\/\/neuroforma.com.br\/novo\/wp-json\/wp\/v2\/types\/page"}],"author":[{"embeddable":true,"href":"https:\/\/neuroforma.com.br\/novo\/wp-json\/wp\/v2\/users\/1"}],"replies":[{"embeddable":true,"href":"https:\/\/neuroforma.com.br\/novo\/wp-json\/wp\/v2\/comments?post=1369"}],"version-history":[{"count":17,"href":"https:\/\/neuroforma.com.br\/novo\/wp-json\/wp\/v2\/pages\/1369\/revisions"}],"predecessor-version":[{"id":1371,"href":"https:\/\/neuroforma.com.br\/novo\/wp-json\/wp\/v2\/pages\/1369\/revisions\/1371"}],"wp:attachment":[{"href":"https:\/\/neuroforma.com.br\/novo\/wp-json\/wp\/v2\/media?parent=1369"}],"curies":[{"name":"wp","href":"https:\/\/api.w.org\/{rel}","templated":true}]}}