{"id":1311,"date":"2014-07-02T20:14:08","date_gmt":"2014-07-02T20:14:08","guid":{"rendered":"https:\/\/neuroforma.com.br\/novo\/?page_id=1311"},"modified":"2017-05-02T20:04:25","modified_gmt":"2017-05-02T20:04:25","slug":"estranho-no-ninho","status":"publish","type":"page","link":"https:\/\/neuroforma.com.br\/novo\/why-brainhq\/about-the-exercises\/estranho-no-ninho","title":{"rendered":"Estranho no Ninho"},"content":{"rendered":"<h1>Estranho no Ninho<\/h1>\n<a href=\"https:\/\/br.brainhq.com\/#ex-select\/memory\" class=\"su-button su-button-style-flat\" style=\"color:#FFFFFF;background-color:#144d8d;border-color:#103e71;border-radius:5px\" target=\"_blank\" rel=\"noopener noreferrer\"><span style=\"color:#FFFFFF;padding:0px 34px;font-size:25px;line-height:50px;border-color:#5b83b0;border-radius:5px;text-shadow:none\"> Pratique Agora!<\/span><\/a>\n<p><img loading=\"lazy\" decoding=\"async\" class=\"alignleft size-full wp-image-1213\" alt=\"icon-scene-crasher-lm\" src=\"https:\/\/neuroforma.com.br\/novo\/wp-content\/uploads\/2014\/01\/icon-scene-crasher-lm.jpg\" width=\"105\" height=\"115\" \/><\/p>\n<p>Digamos que voc\u00ea esteja observando seu filho brincar com outras crian\u00e7as em um parque. Voc\u00ea se vira para conversar com outros pais. Ao olhar de novo, percebe que perdeu seu filho de vista. Se fizer essa observa\u00e7\u00e3o rapidamente, voc\u00ea pode ajustar a busca e encontrar seu filho antes que ele se meta em alguma encrenca.<\/p>\n<p>&nbsp;<\/p>\n<p>Ou imagine que voc\u00ea esteja procurando o pote de or\u00e9gano na estante de temperos da cozinha. Voc\u00ea conferiu metade dos potes. O latido de um cachorro no jardim chama a sua aten\u00e7\u00e3o. Voc\u00ea olha pela janela e depois volta \u00e0 estante de temperos. Consegue se lembrar em que pote voc\u00ea parou, para voltar a procurar desse ponto, ou tem que recome\u00e7ar desde o in\u00edcio?<\/p>\n<p>&nbsp;<\/p>\n<p><a href=\"https:\/\/neuroforma.com.br\/novo\/wp-content\/uploads\/2014\/07\/bhq-ex-to-do-list-training-01-br.jpg\"><img loading=\"lazy\" decoding=\"async\" class=\"alignleft size-medium wp-image-1457\" alt=\"bhq-ex-to-do-list-training-01-br\" src=\"https:\/\/neuroforma.com.br\/novo\/wp-content\/uploads\/2014\/07\/bhq-ex-to-do-list-training-01-br-251x300.jpg\" width=\"251\" height=\"300\" srcset=\"https:\/\/neuroforma.com.br\/novo\/wp-content\/uploads\/2014\/07\/bhq-ex-to-do-list-training-01-br-251x300.jpg 251w, https:\/\/neuroforma.com.br\/novo\/wp-content\/uploads\/2014\/07\/bhq-ex-to-do-list-training-01-br.jpg 350w\" sizes=\"auto, (max-width: 251px) 100vw, 251px\" \/><\/a>No dia a dia, \u00e9 preciso \u201cescanear\u201d cenas do mundo \u00e0 nossa volta constantemente, como nos exemplos acima. Lembrar-se da posi\u00e7\u00e3o de objetos ap\u00f3s olhar em outra dire\u00e7\u00e3o \u00e9 uma faculdade incrivelmente importante, pois permite que voc\u00ea continue a \u201cvarredura\u201d e detecte mudan\u00e7as importantes na cena inicial. Em pessoas com problemas cognitivos, esta capacidade \u00e9 muito limitada.<\/p>\n<p>&nbsp;<\/p>\n<p>O Estranho no Ninho ajuda voc\u00ea a desenvolver a habilidade de guardar detalhes de determinada cena na sua mem\u00f3ria de trabalho. Em termos cient\u00edficos, \u00e9 um exerc\u00edcio de \u201ccapacidade de reconhecimento com atraso\u201d. Nele, diversos objetos (tais como ovelhas ou chaves) piscar\u00e3o na tela. Eles ir\u00e3o desaparecer e, quando reaparecerem, outro objeto ter\u00e1 sido acrescentado ao conjunto. Sua tarefa \u00e9 se lembrar bem da cena inicial, de forma a identificar o que mudou.<\/p>\n<p>&nbsp;<\/p>\n<p>(Entre as duas cenas, voc\u00ea ver\u00e1 brevemente uma tela borrada. Essa tela aparece para apagar sua impress\u00e3o visual da primeira cena, que pode persistir por um curto tempo sem usar sua faculdade de mem\u00f3ria. Ao incluirmos a tela borrada entre as duas cenas, temos certeza de que \u00e9 a sua mem\u00f3ria de trabalho que est\u00e1 sendo exercitada.)<\/p>\n<p>&nbsp;<\/p>\n<p>Quando voc\u00ea sobe de n\u00edvel, o exerc\u00edcio muda em tr\u00eas aspectos:<\/p>\n<ul>\n<li>A \u201c\u00eanfase visual\u201d \u00e9 alterada \u2014 ou seja, \u00e9 mais dif\u00edcil visualizar os objetos contra o plano de fundo.<\/li>\n<li>A dura\u00e7\u00e3o muda: a cena pisca na tela por menos tempo.<\/li>\n<li>A \u00e1rea de exibi\u00e7\u00e3o aumenta: os objetos ficam mais afastados do centro da tela.<\/li>\n<li>Os objetos mudam \u2014 de chaves para ovelhas, por exemplo.<\/li>\n<\/ul>\n<p>&nbsp;<\/p>\n<p>Conforme seu desempenho melhorar, a quantidade de objetos nas cenas aumentar\u00e1. Se por exemplo voc\u00ea conseguir lembrar a posi\u00e7\u00e3o de seis ovelhas no in\u00edcio, com a pr\u00e1tica voc\u00ea localizar\u00e1 7, 8, 9, 10 ou mais!<\/p>\n<p>&nbsp;<\/p>\n<h3>Estranho no Ninho em poucas palavras<\/h3>\n<table width=\"539\" border=\"1\" cellspacing=\"0\" cellpadding=\"3\">\n<tbody>\n<tr>\n<td bgcolor=\"#999999\" width=\"94\">Tarefa<\/td>\n<td bgcolor=\"#999999\" width=\"98\">Objetivo<\/td>\n<td bgcolor=\"#999999\" width=\"155\">Evolu\u00e7\u00e3o<\/td>\n<td bgcolor=\"#999999\" width=\"182\">Pontua\u00e7\u00e3o<\/td>\n<\/tr>\n<tr>\n<td valign=\"top\" bgcolor=\"#CCCCCC\" width=\"94\">Descobrir um objeto acrescentado a uma cena.<\/td>\n<td valign=\"top\" bgcolor=\"#CCCCCC\" width=\"98\">Mem\u00f3ria de trabalho e varredura visual.<\/td>\n<td valign=\"top\" bgcolor=\"#CCCCCC\" width=\"155\">O contraste diminui. O tempo de exibi\u00e7\u00e3o da cena diminui. A \u00e1rea de exibi\u00e7\u00e3o aumenta.<\/td>\n<td valign=\"top\" bgcolor=\"#CCCCCC\" width=\"182\">A pontua\u00e7\u00e3o \u00e9 contabilizada pela quantidade de objetos. Se voc\u00ea identificar a diferen\u00e7a entre 7 objetos &#8211; mas n\u00e3o entre 8 &#8211; sua pontua\u00e7\u00e3o ser\u00e1 7.<\/td>\n<\/tr>\n<\/tbody>\n<\/table>\n","protected":false},"excerpt":{"rendered":"<p>Estranho no Ninho Digamos que voc\u00ea esteja observando seu filho brincar com outras crian\u00e7as em um parque. Voc\u00ea se vira para conversar com outros pais. Ao olhar de novo, percebe que perdeu seu filho de vista. Se fizer essa observa\u00e7\u00e3o rapidamente, voc\u00ea pode ajustar a busca e encontrar seu filho antes que ele se meta &hellip; <a href=\"https:\/\/neuroforma.com.br\/novo\/why-brainhq\/about-the-exercises\/estranho-no-ninho\" class=\"more-link\">Continue lendo <span class=\"screen-reader-text\">Estranho no Ninho<\/span> <span class=\"meta-nav\">&rarr;<\/span><\/a><\/p>\n","protected":false},"author":1,"featured_media":0,"parent":0,"menu_order":0,"comment_status":"closed","ping_status":"closed","template":"","meta":{"footnotes":""},"class_list":["post-1311","page","type-page","status-publish","hentry","repupress_customize_woocommerce_productom_class"],"yoast_head":"<!-- This site is optimized with the Yoast SEO plugin v26.9 - https:\/\/yoast.com\/product\/yoast-seo-wordpress\/ -->\n<title>Estranho no Ninho -<\/title>\n<meta name=\"robots\" content=\"index, follow, max-snippet:-1, max-image-preview:large, max-video-preview:-1\" \/>\n<link rel=\"canonical\" href=\"https:\/\/neuroforma.com.br\/novo\/why-brainhq\/about-the-exercises\/estranho-no-ninho\/\" \/>\n<meta property=\"og:locale\" content=\"pt_BR\" \/>\n<meta property=\"og:type\" content=\"article\" \/>\n<meta property=\"og:title\" content=\"Estranho no Ninho -\" \/>\n<meta property=\"og:description\" content=\"Estranho no Ninho Digamos que voc\u00ea esteja observando seu filho brincar com outras crian\u00e7as em um parque. Voc\u00ea se vira para conversar com outros pais. Ao olhar de novo, percebe que perdeu seu filho de vista. Se fizer essa observa\u00e7\u00e3o rapidamente, voc\u00ea pode ajustar a busca e encontrar seu filho antes que ele se meta &hellip; Continue lendo Estranho no Ninho &rarr;\" \/>\n<meta property=\"og:url\" content=\"https:\/\/neuroforma.com.br\/novo\/why-brainhq\/about-the-exercises\/estranho-no-ninho\/\" \/>\n<meta property=\"article:modified_time\" content=\"2017-05-02T20:04:25+00:00\" \/>\n<meta property=\"og:image\" content=\"https:\/\/neuroforma.com.br\/novo\/wp-content\/uploads\/2014\/01\/icon-scene-crasher-lm.jpg\" \/>\n<meta name=\"twitter:label1\" content=\"Est. tempo de leitura\" \/>\n\t<meta name=\"twitter:data1\" content=\"3 minutos\" \/>\n<script type=\"application\/ld+json\" class=\"yoast-schema-graph\">{\"@context\":\"https:\/\/schema.org\",\"@graph\":[{\"@type\":\"WebPage\",\"@id\":\"https:\/\/neuroforma.com.br\/novo\/why-brainhq\/about-the-exercises\/estranho-no-ninho\/\",\"url\":\"https:\/\/neuroforma.com.br\/novo\/why-brainhq\/about-the-exercises\/estranho-no-ninho\/\",\"name\":\"Estranho no Ninho -\",\"isPartOf\":{\"@id\":\"https:\/\/neuroforma.com.br\/novo\/#website\"},\"primaryImageOfPage\":{\"@id\":\"https:\/\/neuroforma.com.br\/novo\/why-brainhq\/about-the-exercises\/estranho-no-ninho\/#primaryimage\"},\"image\":{\"@id\":\"https:\/\/neuroforma.com.br\/novo\/why-brainhq\/about-the-exercises\/estranho-no-ninho\/#primaryimage\"},\"thumbnailUrl\":\"https:\/\/neuroforma.com.br\/novo\/wp-content\/uploads\/2014\/01\/icon-scene-crasher-lm.jpg\",\"datePublished\":\"2014-07-02T20:14:08+00:00\",\"dateModified\":\"2017-05-02T20:04:25+00:00\",\"breadcrumb\":{\"@id\":\"https:\/\/neuroforma.com.br\/novo\/why-brainhq\/about-the-exercises\/estranho-no-ninho\/#breadcrumb\"},\"inLanguage\":\"pt-BR\",\"potentialAction\":[{\"@type\":\"ReadAction\",\"target\":[\"https:\/\/neuroforma.com.br\/novo\/why-brainhq\/about-the-exercises\/estranho-no-ninho\/\"]}]},{\"@type\":\"ImageObject\",\"inLanguage\":\"pt-BR\",\"@id\":\"https:\/\/neuroforma.com.br\/novo\/why-brainhq\/about-the-exercises\/estranho-no-ninho\/#primaryimage\",\"url\":\"https:\/\/neuroforma.com.br\/novo\/wp-content\/uploads\/2014\/01\/icon-scene-crasher-lm.jpg\",\"contentUrl\":\"https:\/\/neuroforma.com.br\/novo\/wp-content\/uploads\/2014\/01\/icon-scene-crasher-lm.jpg\",\"width\":105,\"height\":115},{\"@type\":\"BreadcrumbList\",\"@id\":\"https:\/\/neuroforma.com.br\/novo\/why-brainhq\/about-the-exercises\/estranho-no-ninho\/#breadcrumb\",\"itemListElement\":[{\"@type\":\"ListItem\",\"position\":1,\"name\":\"Home\",\"item\":\"https:\/\/neuroforma.com.br\/novo\/\"},{\"@type\":\"ListItem\",\"position\":2,\"name\":\"Estranho no Ninho\"}]},{\"@type\":\"WebSite\",\"@id\":\"https:\/\/neuroforma.com.br\/novo\/#website\",\"url\":\"https:\/\/neuroforma.com.br\/novo\/\",\"name\":\"\",\"description\":\"\",\"potentialAction\":[{\"@type\":\"SearchAction\",\"target\":{\"@type\":\"EntryPoint\",\"urlTemplate\":\"https:\/\/neuroforma.com.br\/novo\/?s={search_term_string}\"},\"query-input\":{\"@type\":\"PropertyValueSpecification\",\"valueRequired\":true,\"valueName\":\"search_term_string\"}}],\"inLanguage\":\"pt-BR\"}]}<\/script>\n<!-- \/ Yoast SEO plugin. -->","yoast_head_json":{"title":"Estranho no Ninho -","robots":{"index":"index","follow":"follow","max-snippet":"max-snippet:-1","max-image-preview":"max-image-preview:large","max-video-preview":"max-video-preview:-1"},"canonical":"https:\/\/neuroforma.com.br\/novo\/why-brainhq\/about-the-exercises\/estranho-no-ninho\/","og_locale":"pt_BR","og_type":"article","og_title":"Estranho no Ninho -","og_description":"Estranho no Ninho Digamos que voc\u00ea esteja observando seu filho brincar com outras crian\u00e7as em um parque. Voc\u00ea se vira para conversar com outros pais. Ao olhar de novo, percebe que perdeu seu filho de vista. Se fizer essa observa\u00e7\u00e3o rapidamente, voc\u00ea pode ajustar a busca e encontrar seu filho antes que ele se meta &hellip; Continue lendo Estranho no Ninho &rarr;","og_url":"https:\/\/neuroforma.com.br\/novo\/why-brainhq\/about-the-exercises\/estranho-no-ninho\/","article_modified_time":"2017-05-02T20:04:25+00:00","og_image":[{"url":"https:\/\/neuroforma.com.br\/novo\/wp-content\/uploads\/2014\/01\/icon-scene-crasher-lm.jpg","type":"","width":"","height":""}],"twitter_misc":{"Est. tempo de leitura":"3 minutos"},"schema":{"@context":"https:\/\/schema.org","@graph":[{"@type":"WebPage","@id":"https:\/\/neuroforma.com.br\/novo\/why-brainhq\/about-the-exercises\/estranho-no-ninho\/","url":"https:\/\/neuroforma.com.br\/novo\/why-brainhq\/about-the-exercises\/estranho-no-ninho\/","name":"Estranho no Ninho -","isPartOf":{"@id":"https:\/\/neuroforma.com.br\/novo\/#website"},"primaryImageOfPage":{"@id":"https:\/\/neuroforma.com.br\/novo\/why-brainhq\/about-the-exercises\/estranho-no-ninho\/#primaryimage"},"image":{"@id":"https:\/\/neuroforma.com.br\/novo\/why-brainhq\/about-the-exercises\/estranho-no-ninho\/#primaryimage"},"thumbnailUrl":"https:\/\/neuroforma.com.br\/novo\/wp-content\/uploads\/2014\/01\/icon-scene-crasher-lm.jpg","datePublished":"2014-07-02T20:14:08+00:00","dateModified":"2017-05-02T20:04:25+00:00","breadcrumb":{"@id":"https:\/\/neuroforma.com.br\/novo\/why-brainhq\/about-the-exercises\/estranho-no-ninho\/#breadcrumb"},"inLanguage":"pt-BR","potentialAction":[{"@type":"ReadAction","target":["https:\/\/neuroforma.com.br\/novo\/why-brainhq\/about-the-exercises\/estranho-no-ninho\/"]}]},{"@type":"ImageObject","inLanguage":"pt-BR","@id":"https:\/\/neuroforma.com.br\/novo\/why-brainhq\/about-the-exercises\/estranho-no-ninho\/#primaryimage","url":"https:\/\/neuroforma.com.br\/novo\/wp-content\/uploads\/2014\/01\/icon-scene-crasher-lm.jpg","contentUrl":"https:\/\/neuroforma.com.br\/novo\/wp-content\/uploads\/2014\/01\/icon-scene-crasher-lm.jpg","width":105,"height":115},{"@type":"BreadcrumbList","@id":"https:\/\/neuroforma.com.br\/novo\/why-brainhq\/about-the-exercises\/estranho-no-ninho\/#breadcrumb","itemListElement":[{"@type":"ListItem","position":1,"name":"Home","item":"https:\/\/neuroforma.com.br\/novo\/"},{"@type":"ListItem","position":2,"name":"Estranho no Ninho"}]},{"@type":"WebSite","@id":"https:\/\/neuroforma.com.br\/novo\/#website","url":"https:\/\/neuroforma.com.br\/novo\/","name":"","description":"","potentialAction":[{"@type":"SearchAction","target":{"@type":"EntryPoint","urlTemplate":"https:\/\/neuroforma.com.br\/novo\/?s={search_term_string}"},"query-input":{"@type":"PropertyValueSpecification","valueRequired":true,"valueName":"search_term_string"}}],"inLanguage":"pt-BR"}]}},"_links":{"self":[{"href":"https:\/\/neuroforma.com.br\/novo\/wp-json\/wp\/v2\/pages\/1311","targetHints":{"allow":["GET"]}}],"collection":[{"href":"https:\/\/neuroforma.com.br\/novo\/wp-json\/wp\/v2\/pages"}],"about":[{"href":"https:\/\/neuroforma.com.br\/novo\/wp-json\/wp\/v2\/types\/page"}],"author":[{"embeddable":true,"href":"https:\/\/neuroforma.com.br\/novo\/wp-json\/wp\/v2\/users\/1"}],"replies":[{"embeddable":true,"href":"https:\/\/neuroforma.com.br\/novo\/wp-json\/wp\/v2\/comments?post=1311"}],"version-history":[{"count":13,"href":"https:\/\/neuroforma.com.br\/novo\/wp-json\/wp\/v2\/pages\/1311\/revisions"}],"predecessor-version":[{"id":4113,"href":"https:\/\/neuroforma.com.br\/novo\/wp-json\/wp\/v2\/pages\/1311\/revisions\/4113"}],"wp:attachment":[{"href":"https:\/\/neuroforma.com.br\/novo\/wp-json\/wp\/v2\/media?parent=1311"}],"curies":[{"name":"wp","href":"https:\/\/api.w.org\/{rel}","templated":true}]}}